{"id":111356,"date":"2019-01-10T13:48:19","date_gmt":"2019-01-10T12:48:19","guid":{"rendered":"https:\/\/gsara.tv\/charleroi\/?page_id=111356"},"modified":"2019-01-23T13:37:29","modified_gmt":"2019-01-23T12:37:29","slug":"1-module-infos-croisees","status":"publish","type":"page","link":"https:\/\/gsara.tv\/charleroi\/ateliers\/1-module-infos-croisees\/","title":{"rendered":"1. Module Infos crois\u00e9es"},"content":{"rendered":"\n<p class=\"has-background has-very-dark-gray-background-color\">-Pour les personnes intimid\u00e9es par la technique ou personnes \u00e9motives qui r\u00e9agissent \u00e0 tout ce qu&rsquo;on peut voir passer sur un mur FB&#8230;<\/p>\n\n\n\n<p class=\"has-background has-very-dark-gray-background-color\">-Propos\u00e9 en 1 ou 5 demi-journ\u00e9es<\/p>\n\n\n\n<div class=\"wp-block-image\"><figure class=\"alignright is-resized\"><img data-attachment-id=\"111385\" data-permalink=\"https:\/\/gsara.tv\/charleroi\/ateliers\/1-module-infos-croisees\/610940f9661d0d65f87b737d7e1b8d5b\/\" data-orig-file=\"https:\/\/gsara.tv\/charleroi\/wp-content\/uploads\/2019\/01\/610940f9661d0d65f87b737d7e1b8d5b.gif\" data-orig-size=\"400,407\" data-comments-opened=\"0\" data-image-meta=\"{&quot;aperture&quot;:&quot;0&quot;,&quot;credit&quot;:&quot;&quot;,&quot;camera&quot;:&quot;&quot;,&quot;caption&quot;:&quot;&quot;,&quot;created_timestamp&quot;:&quot;0&quot;,&quot;copyright&quot;:&quot;&quot;,&quot;focal_length&quot;:&quot;0&quot;,&quot;iso&quot;:&quot;0&quot;,&quot;shutter_speed&quot;:&quot;0&quot;,&quot;title&quot;:&quot;&quot;,&quot;orientation&quot;:&quot;0&quot;}\" data-image-title=\"610940f9661d0d65f87b737d7e1b8d5b\" data-image-description=\"\" data-image-caption=\"\" data-medium-file=\"https:\/\/gsara.tv\/charleroi\/wp-content\/uploads\/2019\/01\/610940f9661d0d65f87b737d7e1b8d5b-295x300.gif\" data-large-file=\"https:\/\/gsara.tv\/charleroi\/wp-content\/uploads\/2019\/01\/610940f9661d0d65f87b737d7e1b8d5b.gif\" decoding=\"async\" loading=\"lazy\" src=\"https:\/\/gsara.tv\/charleroi\/wp-content\/uploads\/2019\/01\/610940f9661d0d65f87b737d7e1b8d5b.gif\" alt=\"\" class=\"wp-image-111385\" width=\"174\" height=\"177\"\/><\/figure><\/div>\n\n\n\n<p class=\"has-small-font-size\">Le Gsara est actif dans le secteur de l&rsquo;\u00e9ducation aux et par les m\u00e9dias depuis plus de 40 ans. Mais l&rsquo;arriv\u00e9e des Internets a boulevers\u00e9 les acteurs et la chronologie des m\u00e9dias. On assiste petit-\u00e0-petit \u00e0 un&nbsp; d\u00e9litement de la presse traditionnelle et via des canaux d&rsquo;expression in\u00e9dits, tout-le-monde \u00e9crit, tout-le-monde parle. Au milieu de ce brouhaha, il est de plus en plus malais\u00e9 de se construire une opinion personnelle sur base de ce que l&rsquo;on lit, entend ou voiyons sur nos \u00e9crans&#8230;. C&rsquo;est un constat que m\u00eame les plus aguerris \u00e9mettent.<\/p>\n\n\n\n<p><strong>Aujourd&rsquo;hui plus qu&rsquo;hier, les fondamentaux de l&rsquo;\u00e9ducation aux m\u00e9dias sont indispensables\u00a0 :<\/strong><\/p>\n\n\n\n<p class=\"has-text-color has-background has-very-dark-gray-color has-cyan-bluish-gray-background-color\"><strong>\u2013 Croiser les informations<\/strong><br><strong>\u2013 Remonter \u00e0 la source<\/strong><br><strong>\u2013 D\u00e9tecter les canulars et les rumeurs<\/strong><br><strong>\u2013 Faire le tri entre l\u2019info et l\u2019intox<\/strong><\/p>\n\n\n\n<p><strong>Une d\u00e9marche qui s&rsquo;effectue dans un contexte digital avec de nouveaux outils . Une r\u00e9flexion qui se construit plus prudemment et dans un rapport aux \u00ab\u00a0institutions\u00a0\u00bb fort d\u00e9grad\u00e9.<\/strong><\/p>\n\n\n\n<h2>Enjeux<\/h2>\n\n\n\n<p class=\"has-small-font-size\">Aujourd&rsquo;hui, l&rsquo;information et la communication s&rsquo;effectuent et se r\u00e9inventent dans de nouveaux usages \u00e0 un rythme tr\u00e8s soutenu, impactant d&rsquo;autres champs de nos vies et de nos institutions. Ces nouveaux usages modifient \u00e9galement notre fa\u00e7on d&rsquo;\u00eatre, d&rsquo;envisager aujourd&rsquo;hui et demain. L&rsquo;enjeu pour nos soci\u00e9t\u00e9s pluralistes est avant tout d&rsquo;\u00e9pouser ces nouveaux possibles, ces nouveaux styles de vie; tout en pr\u00e9servant structurellement au citoyen ses droits et ses libert\u00e9s. C&rsquo;est donc au citoyen critique que revient le privil\u00e8ge de d\u00e9limiter le p\u00e9rim\u00e8tre de ses droits et devoirs dans le cyber-espace. Pour cela, il faut pouvoir se situer &#8230;..<\/p>\n\n\n\n<p><strong>Par l&rsquo;illustration, la recherche en direct et le d\u00e9bat collectif, nous esquissons ensemble&nbsp; une premi\u00e8re carte du champ m\u00e9diatique actuel en nous concentrant sur notre environnement et notre consommation propre.<\/strong><\/p>\n\n\n\n<p><strong>Par la pratique du remix, de l&rsquo;invention et de l&rsquo;\u00e9criture, nous illustrerons les contraintes et caract\u00e9ristiques de la forme m\u00e9diatique employ\u00e9e en pla\u00e7ant le participant dans la peau du producteur, du journaliste, du citoyen &#8230;.<\/strong><\/p>\n\n\n\n<h2><figure><img data-attachment-id=\"111386\" data-permalink=\"https:\/\/gsara.tv\/charleroi\/ateliers\/1-module-infos-croisees\/2-filles-en-classe-gif50\/\" data-orig-file=\"https:\/\/gsara.tv\/charleroi\/wp-content\/uploads\/2019\/01\/2-filles-en-classe-GIF50.gif\" data-orig-size=\"480,320\" data-comments-opened=\"0\" data-image-meta=\"{&quot;aperture&quot;:&quot;0&quot;,&quot;credit&quot;:&quot;&quot;,&quot;camera&quot;:&quot;&quot;,&quot;caption&quot;:&quot;&quot;,&quot;created_timestamp&quot;:&quot;0&quot;,&quot;copyright&quot;:&quot;&quot;,&quot;focal_length&quot;:&quot;0&quot;,&quot;iso&quot;:&quot;0&quot;,&quot;shutter_speed&quot;:&quot;0&quot;,&quot;title&quot;:&quot;&quot;,&quot;orientation&quot;:&quot;0&quot;}\" data-image-title=\"2-filles-en-classe-GIF50\" data-image-description=\"\" data-image-caption=\"\" data-medium-file=\"https:\/\/gsara.tv\/charleroi\/wp-content\/uploads\/2019\/01\/2-filles-en-classe-GIF50-300x200.gif\" data-large-file=\"https:\/\/gsara.tv\/charleroi\/wp-content\/uploads\/2019\/01\/2-filles-en-classe-GIF50.gif\" decoding=\"async\" loading=\"lazy\" class=\"aligncenter wp-image-111386\" src=\"https:\/\/gsara.tv\/charleroi\/wp-content\/uploads\/2019\/01\/2-filles-en-classe-GIF50.gif\" alt=\"\" width=\"327\" height=\"218\"><\/figure><\/h2>\n\n\n\n<h2>\u00c9tapes d&rsquo;animation<\/h2>\n\n\n\n<ul><li>La presse \u00e9crite (imprim\u00e9e et en ligne). \u00e9tat des lieux, alternatives.<\/li><li>Recherches sur internet : Les moteurs de recherches g\u00e9n\u00e9ralistes &amp; sp\u00e9cialis\u00e9s \/<\/li><li>Hoax Buster : qu\u2019est-ce qu\u2019une fausse information ? Info ou intox, comment faire la diff\u00e9rence ?<\/li><li>Humour et d\u00e9tournement. Remixer l&rsquo;info.&nbsp; dans le but d&rsquo;\u00eatre &#8230;&#8230;&nbsp; [dr\u00f4le &#8211; choquant &#8211; cru &#8211; d\u00e9cri\u00e9 &#8211; aim\u00e9 &#8211; d\u00e9test\u00e9 &#8211; \u00e9lu &#8211; engag\u00e9 &#8211; &#8230;. ]<\/li><li>La netiquette n&rsquo;est pas ringarde : s\u2019informer et communiquer sur internet et les r\u00e9seaux sociaux : avantages, risques, r\u00e8gles de prudence.<\/li><\/ul>\n\n\n\n<h2>&nbsp;<\/h2>\n\n\n\n<h2>En pratique<\/h2>\n\n\n\n<p class=\"has-small-font-size\">Nous proposons des modules courts (1 journ\u00e9e) qui permettent de couvrir ces diff\u00e9rents aspects de mani\u00e8re rapide et ludique. Toutefois, si vous d\u00e9sirez faire les choses en profondeur pour un effet plus durable sur votre public, pr\u00e9voir une s\u00e9ance d\u2019une demi-journ\u00e9e pour chacun de ces 5 \u00e9tapes est id\u00e9al.<\/p>\n\n\n\n<h4> <strong>Sur une journ\u00e9e<\/strong><\/h4>\n\n\n\n<p> La matin\u00e9e est consacr\u00e9e \u00e0 s&rsquo;informer, \u00e0 pr\u00e9senter les diff\u00e9rents concepts \u00e9voqu\u00e9s ci-dessus. L&rsquo;apr\u00e8s-midi est consacr\u00e9e \u00e0 un travail pratique, \u00e0 savoir remixer une ou plusieurs informations dans un but pr\u00e9cis et avec une forme qui correspond \u00e0 cette intention. Chaque participants con\u00e7oit sa \u00ab\u00a0Fake\/Real-News\u00a0\u00bb . Et nous verrons notamment que les codes stylistiques sont l\u00e9gions&#8230;<\/p>\n\n\n\n<h4><br><strong>Sur 5 s\u00e9ances d&rsquo;une demi-journ\u00e9e<\/strong><\/h4>\n\n\n\n<p>Chaque \u00e9tape \u00e9voqu\u00e9e ci-dessus est d\u00e9cortiqu\u00e9e, analys\u00e9e, illustr\u00e9e puis re-compos\u00e9e collectivement de mani\u00e8re fantaisiste. <\/p>\n\n\n\n<p>La formule longue permet d&rsquo;inclure de vrais temps de d\u00e9bats et de prendre en compte les apports de chacun sur le sujet. Nous construisons ainsi un v\u00e9ritable savoir collectif et populaire \u00e0 propos de la toile et de ses usages. <\/p>\n\n\n\n<p>Chaque chapitre fera l&rsquo;objet d&rsquo;un exercice d&rsquo;expression : inventer son titre de presse id\u00e9al, le JT que je kifferai,  la fausse-nouvelle qui sauve le monde, le troll en moi ,  &#8230;.<\/p>\n\n\n\n<p>Chaque fois, nous-nous interrogerons \u00e9galement sur la mani\u00e8re dont nous recevons\/commentons\/relayons (ou pas) ces infos. Nous prendrons le temps de mettre en parall\u00e8le la forme de diffusion et le ressenti lors de la r\u00e9ception d&rsquo;une nouvelle.<\/p>\n","protected":false},"excerpt":{"rendered":"<p>-Pour les personnes intimid\u00e9es par la technique ou personnes \u00e9motives qui r\u00e9agissent \u00e0 tout ce qu&rsquo;on peut voir passer sur un mur FB&#8230; -Propos\u00e9 en 1 ou 5 demi-journ\u00e9es Le Gsara est actif dans le secteur de l&rsquo;\u00e9ducation aux et par les m\u00e9dias depuis plus de 40 ans. Mais l&rsquo;arriv\u00e9e des Internets a boulevers\u00e9 les [&hellip;]<\/p>\n","protected":false},"author":2,"featured_media":111232,"parent":33,"menu_order":1,"comment_status":"closed","ping_status":"closed","template":"","meta":{"ngg_post_thumbnail":0},"jetpack_sharing_enabled":true,"_links":{"self":[{"href":"https:\/\/gsara.tv\/charleroi\/wp-json\/wp\/v2\/pages\/111356"}],"collection":[{"href":"https:\/\/gsara.tv\/charleroi\/wp-json\/wp\/v2\/pages"}],"about":[{"href":"https:\/\/gsara.tv\/charleroi\/wp-json\/wp\/v2\/types\/page"}],"author":[{"embeddable":true,"href":"https:\/\/gsara.tv\/charleroi\/wp-json\/wp\/v2\/users\/2"}],"replies":[{"embeddable":true,"href":"https:\/\/gsara.tv\/charleroi\/wp-json\/wp\/v2\/comments?post=111356"}],"version-history":[{"count":14,"href":"https:\/\/gsara.tv\/charleroi\/wp-json\/wp\/v2\/pages\/111356\/revisions"}],"predecessor-version":[{"id":111423,"href":"https:\/\/gsara.tv\/charleroi\/wp-json\/wp\/v2\/pages\/111356\/revisions\/111423"}],"up":[{"embeddable":true,"href":"https:\/\/gsara.tv\/charleroi\/wp-json\/wp\/v2\/pages\/33"}],"wp:featuredmedia":[{"embeddable":true,"href":"https:\/\/gsara.tv\/charleroi\/wp-json\/wp\/v2\/media\/111232"}],"wp:attachment":[{"href":"https:\/\/gsara.tv\/charleroi\/wp-json\/wp\/v2\/media?parent=111356"}],"curies":[{"name":"wp","href":"https:\/\/api.w.org\/{rel}","templated":true}]}}

1. Module Infos croisées

<p class="has-background has-very-dark-gray-background-color">-Pour les personnes intimidées par la technique ou personnes émotives qui réagissent à tout ce qu&rsquo;on peut voir passer sur un mur FB&#8230;</p>



<p class="has-background has-very-dark-gray-background-color">-Proposé en 1 ou 5 demi-journées</p>



<div class="wp-block-image"><figure class="alignright is-resized"><img data-attachment-id="111385" data-permalink="https://gsara.tv/charleroi/ateliers/1-module-infos-croisees/610940f9661d0d65f87b737d7e1b8d5b/" data-orig-file="https://gsara.tv/charleroi/wp-content/uploads/2019/01/610940f9661d0d65f87b737d7e1b8d5b.gif" data-orig-size="400,407" data-comments-opened="0" data-image-meta="{&quot;aperture&quot;:&quot;0&quot;,&quot;credit&quot;:&quot;&quot;,&quot;camera&quot;:&quot;&quot;,&quot;caption&quot;:&quot;&quot;,&quot;created_timestamp&quot;:&quot;0&quot;,&quot;copyright&quot;:&quot;&quot;,&quot;focal_length&quot;:&quot;0&quot;,&quot;iso&quot;:&quot;0&quot;,&quot;shutter_speed&quot;:&quot;0&quot;,&quot;title&quot;:&quot;&quot;,&quot;orientation&quot;:&quot;0&quot;}" data-image-title="610940f9661d0d65f87b737d7e1b8d5b" data-image-description="" data-image-caption="" data-medium-file="https://gsara.tv/charleroi/wp-content/uploads/2019/01/610940f9661d0d65f87b737d7e1b8d5b-295x300.gif" data-large-file="https://gsara.tv/charleroi/wp-content/uploads/2019/01/610940f9661d0d65f87b737d7e1b8d5b.gif" decoding="async" loading="lazy" src="https://gsara.tv/charleroi/wp-content/uploads/2019/01/610940f9661d0d65f87b737d7e1b8d5b.gif" alt="" class="wp-image-111385" width="174" height="177"/></figure></div>



<p class="has-small-font-size">Le Gsara est actif dans le secteur de l&rsquo;éducation aux et par les médias depuis plus de 40 ans. Mais l&rsquo;arrivée des Internets a bouleversé les acteurs et la chronologie des médias. On assiste petit-à-petit à un&nbsp; délitement de la presse traditionnelle et via des canaux d&rsquo;expression inédits, tout-le-monde écrit, tout-le-monde parle. Au milieu de ce brouhaha, il est de plus en plus malaisé de se construire une opinion personnelle sur base de ce que l&rsquo;on lit, entend ou voiyons sur nos écrans&#8230;. C&rsquo;est un constat que même les plus aguerris émettent.</p>



<p><strong>Aujourd&rsquo;hui plus qu&rsquo;hier, les fondamentaux de l&rsquo;éducation aux médias sont indispensables  :</strong></p>



<p class="has-text-color has-background has-very-dark-gray-color has-cyan-bluish-gray-background-color"><strong>– Croiser les informations</strong><br><strong>– Remonter à la source</strong><br><strong>– Détecter les canulars et les rumeurs</strong><br><strong>– Faire le tri entre l’info et l’intox</strong></p>



<p><strong>Une démarche qui s&rsquo;effectue dans un contexte digital avec de nouveaux outils . Une réflexion qui se construit plus prudemment et dans un rapport aux « institutions » fort dégradé.</strong></p>



<h2>Enjeux</h2>



<p class="has-small-font-size">Aujourd&rsquo;hui, l&rsquo;information et la communication s&rsquo;effectuent et se réinventent dans de nouveaux usages à un rythme très soutenu, impactant d&rsquo;autres champs de nos vies et de nos institutions. Ces nouveaux usages modifient également notre façon d&rsquo;être, d&rsquo;envisager aujourd&rsquo;hui et demain. L&rsquo;enjeu pour nos sociétés pluralistes est avant tout d&rsquo;épouser ces nouveaux possibles, ces nouveaux styles de vie; tout en préservant structurellement au citoyen ses droits et ses libertés. C&rsquo;est donc au citoyen critique que revient le privilège de délimiter le périmètre de ses droits et devoirs dans le cyber-espace. Pour cela, il faut pouvoir se situer &#8230;..</p>



<p><strong>Par l&rsquo;illustration, la recherche en direct et le débat collectif, nous esquissons ensemble&nbsp; une première carte du champ médiatique actuel en nous concentrant sur notre environnement et notre consommation propre.</strong></p>



<p><strong>Par la pratique du remix, de l&rsquo;invention et de l&rsquo;écriture, nous illustrerons les contraintes et caractéristiques de la forme médiatique employée en plaçant le participant dans la peau du producteur, du journaliste, du citoyen &#8230;.</strong></p>



<h2><figure><img data-attachment-id="111386" data-permalink="https://gsara.tv/charleroi/ateliers/1-module-infos-croisees/2-filles-en-classe-gif50/" data-orig-file="https://gsara.tv/charleroi/wp-content/uploads/2019/01/2-filles-en-classe-GIF50.gif" data-orig-size="480,320" data-comments-opened="0" data-image-meta="{&quot;aperture&quot;:&quot;0&quot;,&quot;credit&quot;:&quot;&quot;,&quot;camera&quot;:&quot;&quot;,&quot;caption&quot;:&quot;&quot;,&quot;created_timestamp&quot;:&quot;0&quot;,&quot;copyright&quot;:&quot;&quot;,&quot;focal_length&quot;:&quot;0&quot;,&quot;iso&quot;:&quot;0&quot;,&quot;shutter_speed&quot;:&quot;0&quot;,&quot;title&quot;:&quot;&quot;,&quot;orientation&quot;:&quot;0&quot;}" data-image-title="2-filles-en-classe-GIF50" data-image-description="" data-image-caption="" data-medium-file="https://gsara.tv/charleroi/wp-content/uploads/2019/01/2-filles-en-classe-GIF50-300x200.gif" data-large-file="https://gsara.tv/charleroi/wp-content/uploads/2019/01/2-filles-en-classe-GIF50.gif" decoding="async" loading="lazy" class="aligncenter wp-image-111386" src="https://gsara.tv/charleroi/wp-content/uploads/2019/01/2-filles-en-classe-GIF50.gif" alt="" width="327" height="218"></figure></h2>



<h2>Étapes d&rsquo;animation</h2>



<ul><li>La presse écrite (imprimée et en ligne). état des lieux, alternatives.</li><li>Recherches sur internet : Les moteurs de recherches généralistes &amp; spécialisés /</li><li>Hoax Buster : qu’est-ce qu’une fausse information ? Info ou intox, comment faire la différence ?</li><li>Humour et détournement. Remixer l&rsquo;info.&nbsp; dans le but d&rsquo;être &#8230;&#8230;&nbsp; [drôle &#8211; choquant &#8211; cru &#8211; décrié &#8211; aimé &#8211; détesté &#8211; élu &#8211; engagé &#8211; &#8230;. ]</li><li>La netiquette n&rsquo;est pas ringarde : s’informer et communiquer sur internet et les réseaux sociaux : avantages, risques, règles de prudence.</li></ul>



<h2>&nbsp;</h2>



<h2>En pratique</h2>



<p class="has-small-font-size">Nous proposons des modules courts (1 journée) qui permettent de couvrir ces différents aspects de manière rapide et ludique. Toutefois, si vous désirez faire les choses en profondeur pour un effet plus durable sur votre public, prévoir une séance d’une demi-journée pour chacun de ces 5 étapes est idéal.</p>



<h4> <strong>Sur une journée</strong></h4>



<p> La matinée est consacrée à s&rsquo;informer, à présenter les différents concepts évoqués ci-dessus. L&rsquo;après-midi est consacrée à un travail pratique, à savoir remixer une ou plusieurs informations dans un but précis et avec une forme qui correspond à cette intention. Chaque participants conçoit sa « Fake/Real-News » . Et nous verrons notamment que les codes stylistiques sont légions&#8230;</p>



<h4><br><strong>Sur 5 séances d&rsquo;une demi-journée</strong></h4>



<p>Chaque étape évoquée ci-dessus est décortiquée, analysée, illustrée puis re-composée collectivement de manière fantaisiste. </p>



<p>La formule longue permet d&rsquo;inclure de vrais temps de débats et de prendre en compte les apports de chacun sur le sujet. Nous construisons ainsi un véritable savoir collectif et populaire à propos de la toile et de ses usages. </p>



<p>Chaque chapitre fera l&rsquo;objet d&rsquo;un exercice d&rsquo;expression : inventer son titre de presse idéal, le JT que je kifferai,  la fausse-nouvelle qui sauve le monde, le troll en moi ,  &#8230;.</p>



<p>Chaque fois, nous-nous interrogerons également sur la manière dont nous recevons/commentons/relayons (ou pas) ces infos. Nous prendrons le temps de mettre en parallèle la forme de diffusion et le ressenti lors de la réception d&rsquo;une nouvelle.</p>

<p>-Pour les personnes intimidées par la technique ou personnes émotives qui réagissent à tout ce qu&rsquo;on peut voir passer sur un mur FB&#8230; -Proposé en 1 ou 5 demi-journées Le Gsara est actif dans le secteur de l&rsquo;éducation aux et par les médias depuis plus de 40 ans. Mais l&rsquo;arrivée des Internets a bouleversé les [&hellip;]</p>
