{"id":111362,"date":"2019-01-16T11:39:46","date_gmt":"2019-01-16T10:39:46","guid":{"rendered":"https:\/\/gsara.tv\/charleroi\/?page_id=111362"},"modified":"2019-01-23T11:42:49","modified_gmt":"2019-01-23T10:42:49","slug":"4-initiation-a-la-robotique-pedagogique","status":"publish","type":"page","link":"https:\/\/gsara.tv\/charleroi\/ateliers\/4-initiation-a-la-robotique-pedagogique\/","title":{"rendered":"4. initiation \u00e0 la robotique p\u00e9dagogique"},"content":{"rendered":"<h2>Enjeux<\/h2>\n<p>Nous ne reviendrons pas sur les enjeux \u00e9conomiques et citoyens d&rsquo;une bonne culture num\u00e9rique. Ces enjeux sont explicit\u00e9s dans nos trois offres d&rsquo;animation pr\u00e9c\u00e9dentes ( <a href=\"https:\/\/gsara.tv\/charleroi\/1-module-infos-croisees\/\">1<\/a> , <a href=\"https:\/\/gsara.tv\/charleroi\/ateliers\/2-module-rate-me\/\">2<\/a> &amp; <a href=\"https:\/\/gsara.tv\/charleroi\/ateliers\/3-module-premiere-application-mobile\/\">3<\/a> ) . Avoir de la culture, c&rsquo;est bien. Faire quelque chose avec c&rsquo;est reprendre la main sur le digital, c&rsquo;est concr\u00e9tiser dans le monde r\u00e9el une id\u00e9e, un code informatique abstrait. C&rsquo;est objectiver le \u00ab\u00a0progr\u00e8s\u00a0\u00bb digital qu&rsquo;on nous repr\u00e9sente chaque jour comme plus incontournable, toujours plus pr\u00e9gnant sur nos vies &#8230;. C&rsquo;est sortir de la matrice !<\/p>\n<p><strong>Nous proposons aux groupes qui d\u00e9sirent s&rsquo;initier \u00e0 la robotique de r\u00e9aliser un projet \u00e0 l&rsquo;aide de mini-ordinateurs bons march\u00e9. Les possibilit\u00e9s sont <a href=\"https:\/\/www.google.com\/search?q=projets+raspberry\">sans limites<\/a> : jeux vid\u00e9os, serveur domestique, petits robots, escape room, instruments de musique, affichage lumineux, impression 3D, commandes \u00e0 distance, capteurs en tout genre, &#8230;<\/strong><\/p>\n<p><img data-attachment-id=\"111399\" data-permalink=\"https:\/\/gsara.tv\/charleroi\/ateliers\/4-initiation-a-la-robotique-pedagogique\/raspberry-pi-thermostat-900x600\/\" data-orig-file=\"https:\/\/gsara.tv\/charleroi\/wp-content\/uploads\/2019\/01\/Raspberry-Pi-thermostat-900x600.jpg\" data-orig-size=\"900,600\" data-comments-opened=\"0\" data-image-meta=\"{&quot;aperture&quot;:&quot;0&quot;,&quot;credit&quot;:&quot;&quot;,&quot;camera&quot;:&quot;&quot;,&quot;caption&quot;:&quot;&quot;,&quot;created_timestamp&quot;:&quot;0&quot;,&quot;copyright&quot;:&quot;&quot;,&quot;focal_length&quot;:&quot;0&quot;,&quot;iso&quot;:&quot;0&quot;,&quot;shutter_speed&quot;:&quot;0&quot;,&quot;title&quot;:&quot;&quot;,&quot;orientation&quot;:&quot;0&quot;}\" data-image-title=\"Raspberry-Pi-thermostat-900&#215;600\" data-image-description=\"\" data-image-caption=\"\" data-medium-file=\"https:\/\/gsara.tv\/charleroi\/wp-content\/uploads\/2019\/01\/Raspberry-Pi-thermostat-900x600-300x200.jpg\" data-large-file=\"https:\/\/gsara.tv\/charleroi\/wp-content\/uploads\/2019\/01\/Raspberry-Pi-thermostat-900x600.jpg\" decoding=\"async\" loading=\"lazy\" class=\"aligncenter wp-image-111399\" src=\"https:\/\/gsara.tv\/charleroi\/wp-content\/uploads\/2019\/01\/Raspberry-Pi-thermostat-900x600.jpg\" alt=\"\" width=\"527\" height=\"351\" srcset=\"https:\/\/gsara.tv\/charleroi\/wp-content\/uploads\/2019\/01\/Raspberry-Pi-thermostat-900x600.jpg 900w, https:\/\/gsara.tv\/charleroi\/wp-content\/uploads\/2019\/01\/Raspberry-Pi-thermostat-900x600-300x200.jpg 300w, https:\/\/gsara.tv\/charleroi\/wp-content\/uploads\/2019\/01\/Raspberry-Pi-thermostat-900x600-768x512.jpg 768w\" sizes=\"(max-width: 527px) 100vw, 527px\" \/>&nbsp;<\/p>\n<h2>\u00c9tapes d&rsquo;animation<\/h2>\n<p>Le nombre de s\u00e9ances d\u00e9pend de l&rsquo;ambition du groupe et du projet collectif \u00e0 r\u00e9aliser. N\u00e9anmoins, il faudra tout-de-m\u00eame pr\u00e9voir un nombre minimum de s\u00e9ances pour les participants n&rsquo;ayant aucunes notions de programmation.&nbsp; Nous proposons ici quelques \u00e9tapes pr\u00e9liminaires qui visent \u00e0 acqu\u00e9rir les bases et les premiers gestes du bidouilleur moderne.<\/p>\n<p style=\"padding-left: 90px;\">\u2022 partie 1 &#8211; Structurez un programme Arduino et contr\u00f4lez des lumi\u00e8res<br \/>\n________________________________________<br \/>\n1. Installez vos outils de travail<br \/>\n2. Cr\u00e9ez votre premier programme sur Arduino<br \/>\n3. Utilisez les constantes, les variables, les conditions et le moniteur s\u00e9rie<br \/>\n4. Faites des boucles et des calculs<br \/>\n5. Jeux de lumi\u00e8re avec une LED et la breadboard<br \/>\n6. Tableaux et jeux de lumi\u00e8re avec plusieurs LED<br \/>\n&nbsp;<br \/>\nActivit\u00e9 : Ressuscitez l&rsquo;\u0153il de K2000<br \/>\n\u2022 Partie 2 &#8211; Les bases d&rsquo;\u00e9lectronique pour programmer des robots avec des capteurs<br \/>\n________________________________________<br \/>\n1. Le bouton poussoir<br \/>\n2. Utilisez les fonctions et les nombres al\u00e9atoires<br \/>\n3. Utilisez les potentiom\u00e8tres, les entr\u00e9es analogiques et la fonction de mappage<br \/>\n&nbsp;<br \/>\nActivit\u00e9 : Compl\u00e9tez un d\u00e9 num\u00e9rique \u00e0 5 LED<br \/>\n\u2022 Partie 3 &#8211; Affinez vos montages avec des moteurs<br \/>\n________________________________________<br \/>\n1. Donnez du mouvement \u00e0 vos montages avec un servo-moteur (&#8230; et la fonction Switch)<br \/>\n2. Le moteur \u00e0 courant continu (partie 1) : transistors et sorties PWM<br \/>\n3. Le moteur \u00e0 courant continu (partie 2) : le pont en H et les circuits int\u00e9gr\u00e9s<br \/>\n&nbsp;<br \/>\n\u2022 Partie 4 &#8211; Annexes<br \/>\n________________________________________<br \/>\n1. Les capteurs \u00e9lectroniques<br \/>\n2. Solutions des exercices<\/p>\n<p>&nbsp;<\/p>\n<p>Si votre groupe a d\u00e9j\u00e0 un projet en t\u00eate, ces \u00e9tapes d\u2019acclimatation peuvent \u00eatre coupl\u00e9e \u00e0 la mise en \u0153uvre directe du projet.<\/p>\n<p>&nbsp;<\/p>\n<figure id=\"attachment_111400\" aria-describedby=\"caption-attachment-111400\" style=\"width: 457px\" class=\"wp-caption aligncenter\"><img data-attachment-id=\"111400\" data-permalink=\"https:\/\/gsara.tv\/charleroi\/ateliers\/4-initiation-a-la-robotique-pedagogique\/rpi_graphic\/\" data-orig-file=\"https:\/\/gsara.tv\/charleroi\/wp-content\/uploads\/2019\/01\/RPi_Graphic.jpg\" data-orig-size=\"600,437\" data-comments-opened=\"0\" data-image-meta=\"{&quot;aperture&quot;:&quot;0&quot;,&quot;credit&quot;:&quot;&quot;,&quot;camera&quot;:&quot;&quot;,&quot;caption&quot;:&quot;&quot;,&quot;created_timestamp&quot;:&quot;0&quot;,&quot;copyright&quot;:&quot;&quot;,&quot;focal_length&quot;:&quot;0&quot;,&quot;iso&quot;:&quot;0&quot;,&quot;shutter_speed&quot;:&quot;0&quot;,&quot;title&quot;:&quot;&quot;,&quot;orientation&quot;:&quot;0&quot;}\" data-image-title=\"RPi_Graphic\" data-image-description=\"\" data-image-caption=\"\" data-medium-file=\"https:\/\/gsara.tv\/charleroi\/wp-content\/uploads\/2019\/01\/RPi_Graphic-300x219.jpg\" data-large-file=\"https:\/\/gsara.tv\/charleroi\/wp-content\/uploads\/2019\/01\/RPi_Graphic.jpg\" decoding=\"async\" loading=\"lazy\" class=\"wp-image-111400\" src=\"https:\/\/gsara.tv\/charleroi\/wp-content\/uploads\/2019\/01\/RPi_Graphic.jpg\" alt=\"\" width=\"457\" height=\"333\" srcset=\"https:\/\/gsara.tv\/charleroi\/wp-content\/uploads\/2019\/01\/RPi_Graphic.jpg 600w, https:\/\/gsara.tv\/charleroi\/wp-content\/uploads\/2019\/01\/RPi_Graphic-300x219.jpg 300w\" sizes=\"(max-width: 457px) 100vw, 457px\" \/><figcaption id=\"caption-attachment-111400\" class=\"wp-caption-text\">Illustration by Harry Campbell<\/figcaption><\/figure>\n<p>&nbsp;<\/p>\n<h2><span id=\"Materiel_et_budget\">Mat\u00e9riel et budget<\/span><\/h2>\n<p>Il faut pr\u00e9voir un petit budget pour l&rsquo;achat des composants \u00e9lectroniques. Cela peut aller d&rsquo;une trentaine d&rsquo;euros pour un projet simple \u00e0 quelques centaines pour un dispositif qui multiplierait les capteurs ( micro, camera, d\u00e9tecteurs de mouvement, d&rsquo;humidit\u00e9, etc.)&nbsp; Il faut aussi compter sur le d\u00e9lai de livraison de ces pi\u00e8ces avant d&rsquo;entamer l&rsquo;atelier.<\/p>\n<p>&nbsp;<img data-attachment-id=\"111378\" data-permalink=\"https:\/\/gsara.tv\/charleroi\/ateliers\/4-initiation-a-la-robotique-pedagogique\/rasp-price\/\" data-orig-file=\"https:\/\/gsara.tv\/charleroi\/wp-content\/uploads\/2019\/01\/rasp-price.gif\" data-orig-size=\"1572,160\" data-comments-opened=\"0\" data-image-meta=\"{&quot;aperture&quot;:&quot;0&quot;,&quot;credit&quot;:&quot;&quot;,&quot;camera&quot;:&quot;&quot;,&quot;caption&quot;:&quot;&quot;,&quot;created_timestamp&quot;:&quot;0&quot;,&quot;copyright&quot;:&quot;&quot;,&quot;focal_length&quot;:&quot;0&quot;,&quot;iso&quot;:&quot;0&quot;,&quot;shutter_speed&quot;:&quot;0&quot;,&quot;title&quot;:&quot;&quot;,&quot;orientation&quot;:&quot;0&quot;}\" data-image-title=\"rasp-price\" data-image-description=\"\" data-image-caption=\"\" data-medium-file=\"https:\/\/gsara.tv\/charleroi\/wp-content\/uploads\/2019\/01\/rasp-price-300x31.gif\" data-large-file=\"https:\/\/gsara.tv\/charleroi\/wp-content\/uploads\/2019\/01\/rasp-price-1024x104.gif\" decoding=\"async\" loading=\"lazy\" class=\"aligncenter wp-image-111378\" src=\"https:\/\/gsara.tv\/charleroi\/wp-content\/uploads\/2019\/01\/rasp-price-1024x104.gif\" alt=\"\" width=\"884\" height=\"90\" srcset=\"https:\/\/gsara.tv\/charleroi\/wp-content\/uploads\/2019\/01\/rasp-price-1024x104.gif 1024w, https:\/\/gsara.tv\/charleroi\/wp-content\/uploads\/2019\/01\/rasp-price-300x31.gif 300w, https:\/\/gsara.tv\/charleroi\/wp-content\/uploads\/2019\/01\/rasp-price-768x78.gif 768w\" sizes=\"(max-width: 884px) 100vw, 884px\" \/><\/p>\n<p>Le <strong>Raspberry pi<\/strong> est un mini-pc tournant sous Linux et permettant de faire les m\u00eames choses que sur un ordinateur normal,seulement,il utilise un processeur ARM moins puissant comme ceux que l&rsquo;on trouve sur nos t\u00e9l\u00e9phones portable ou tablettes.On peut y installer des logiciels,des jeux,y mettre des documents,jouer de la musique etc..Il suffit juste de le connecter \u00e0 un \u00e9cran classique via un c\u00e2ble HDMI,d&rsquo;y brancher un haut parleur sur la sortie audio et mettre une carte m\u00e9moire SD sur laquelle se trouvera le syst\u00e8me d&rsquo;exploitation Raspian et les programmes install\u00e9s.<img data-attachment-id=\"111377\" data-permalink=\"https:\/\/gsara.tv\/charleroi\/ateliers\/4-initiation-a-la-robotique-pedagogique\/arduino-price\/\" data-orig-file=\"https:\/\/gsara.tv\/charleroi\/wp-content\/uploads\/2019\/01\/arduino-price.gif\" data-orig-size=\"1176,212\" data-comments-opened=\"0\" data-image-meta=\"{&quot;aperture&quot;:&quot;0&quot;,&quot;credit&quot;:&quot;&quot;,&quot;camera&quot;:&quot;&quot;,&quot;caption&quot;:&quot;&quot;,&quot;created_timestamp&quot;:&quot;0&quot;,&quot;copyright&quot;:&quot;&quot;,&quot;focal_length&quot;:&quot;0&quot;,&quot;iso&quot;:&quot;0&quot;,&quot;shutter_speed&quot;:&quot;0&quot;,&quot;title&quot;:&quot;&quot;,&quot;orientation&quot;:&quot;0&quot;}\" data-image-title=\"arduino-price\" data-image-description=\"\" data-image-caption=\"\" data-medium-file=\"https:\/\/gsara.tv\/charleroi\/wp-content\/uploads\/2019\/01\/arduino-price-300x54.gif\" data-large-file=\"https:\/\/gsara.tv\/charleroi\/wp-content\/uploads\/2019\/01\/arduino-price-1024x185.gif\" decoding=\"async\" loading=\"lazy\" class=\"aligncenter size-large wp-image-111377\" src=\"https:\/\/gsara.tv\/charleroi\/wp-content\/uploads\/2019\/01\/arduino-price-1024x185.gif\" alt=\"\" width=\"678\" height=\"122\" srcset=\"https:\/\/gsara.tv\/charleroi\/wp-content\/uploads\/2019\/01\/arduino-price-1024x185.gif 1024w, https:\/\/gsara.tv\/charleroi\/wp-content\/uploads\/2019\/01\/arduino-price-300x54.gif 300w, https:\/\/gsara.tv\/charleroi\/wp-content\/uploads\/2019\/01\/arduino-price-768x138.gif 768w\" sizes=\"(max-width: 678px) 100vw, 678px\" \/><\/p>\n<p><strong>Arduino<\/strong> est une carte \u00e9lectronique open source de la taille d&rsquo;une carte de visite et dot\u00e9 d&rsquo;un processeur intelligent.Tr\u00e8s peu cher, la carte Arduino permet de creer des robots,de faire de la domotique,de cr\u00e9er des objets connect\u00e9s etc&#8230;. Pour programmer une carte arduino vous aurez d&rsquo;un logiciel de d\u00e9veloppement ou IDE qui permet de la programmer en langage C.Les cartes arduino disposent d&rsquo;entr\u00e9es et de sorties permettant de connecter des capteurs de temp\u00e9rature,de position,des moteurs \u00e9lectriques etc.. Plusieurs composants additifs ou modules compl\u00e9mentaires sont disponibles&nbsp; comme des shields ou boucliers&nbsp; wifi,ethernet,GSM,bluetooth,infrarouge etc&#8230;Sa facilit\u00e9 de programmation et son co\u00fbt r\u00e9duit fait de l&rsquo;arduino l&rsquo;une des plateformes open hardware les plus utlis\u00e9s dans les domaine du bricolage,du Do It yourself ou de l&rsquo;\u00e9ducation et l&rsquo;initiation au monde de la programmation et de l&rsquo;\u00e9lectronique.<\/p>\n","protected":false},"excerpt":{"rendered":"<p>Enjeux Nous ne reviendrons pas sur les enjeux \u00e9conomiques et citoyens d&rsquo;une bonne culture num\u00e9rique. Ces enjeux sont explicit\u00e9s dans nos trois offres d&rsquo;animation pr\u00e9c\u00e9dentes ( 1 , 2 &amp; 3 ) . Avoir de la culture, c&rsquo;est bien. Faire quelque chose avec c&rsquo;est reprendre la main sur le digital, c&rsquo;est concr\u00e9tiser dans le monde [&hellip;]<\/p>\n","protected":false},"author":2,"featured_media":0,"parent":33,"menu_order":1,"comment_status":"closed","ping_status":"closed","template":"","meta":{"ngg_post_thumbnail":0},"jetpack_sharing_enabled":true,"_links":{"self":[{"href":"https:\/\/gsara.tv\/charleroi\/wp-json\/wp\/v2\/pages\/111362"}],"collection":[{"href":"https:\/\/gsara.tv\/charleroi\/wp-json\/wp\/v2\/pages"}],"about":[{"href":"https:\/\/gsara.tv\/charleroi\/wp-json\/wp\/v2\/types\/page"}],"author":[{"embeddable":true,"href":"https:\/\/gsara.tv\/charleroi\/wp-json\/wp\/v2\/users\/2"}],"replies":[{"embeddable":true,"href":"https:\/\/gsara.tv\/charleroi\/wp-json\/wp\/v2\/comments?post=111362"}],"version-history":[{"count":6,"href":"https:\/\/gsara.tv\/charleroi\/wp-json\/wp\/v2\/pages\/111362\/revisions"}],"predecessor-version":[{"id":111417,"href":"https:\/\/gsara.tv\/charleroi\/wp-json\/wp\/v2\/pages\/111362\/revisions\/111417"}],"up":[{"embeddable":true,"href":"https:\/\/gsara.tv\/charleroi\/wp-json\/wp\/v2\/pages\/33"}],"wp:attachment":[{"href":"https:\/\/gsara.tv\/charleroi\/wp-json\/wp\/v2\/media?parent=111362"}],"curies":[{"name":"wp","href":"https:\/\/api.w.org\/{rel}","templated":true}]}}