{"id":33,"date":"2013-11-12T13:58:40","date_gmt":"2013-11-12T12:58:40","guid":{"rendered":"http:\/\/gsara.tv\/charleroi\/?page_id=33"},"modified":"2020-04-14T16:00:35","modified_gmt":"2020-04-14T15:00:35","slug":"ateliers","status":"publish","type":"page","link":"https:\/\/gsara.tv\/charleroi\/ateliers\/","title":{"rendered":"NOS ATELIERS M\u00c9DIAS"},"content":{"rendered":"\n<p style=\"font-size:18px\">Nous r\u00e9alisons des ateliers d&rsquo;expression(s) audiovisuelle(s) avec des groupes de personnes \u00e2g\u00e9es de plus de 16 ans (minimum 5 personnes) qui peuvent prendre de multiples formes. <\/p>\n\n\n\n<p style=\"font-size:18px\">Nous vous proposons d&rsquo;utiliser des outils m\u00e9diatiques pour exprimer vos messages. Les mettre en forme pourrait vous aider \u00e0 mieux comprendre la soci\u00e9t\u00e9 d&rsquo;informations, sa dimension digitale et l&rsquo;environnement m\u00e9diatique d&rsquo;aujourd&rsquo;hui et de demain.&nbsp;<\/p>\n\n\n\n<p style=\"font-size:18px\">Un bon moyen de faire de l&rsquo;\u00e9ducation aux m\u00e9dias PAR les m\u00e9dias. Il n&rsquo;y a pas de limites \u00e0 l&rsquo;imagination quand il s&rsquo;agit de monter un projet audiovisuel et\/ou m\u00e9diatique.<\/p>\n\n\n\n<h2>NOS OFFRES D&rsquo;ATELIERS <\/h2>\n\n\n\n<p class=\"has-medium-font-size\">D\u00e9couvrez nos propositions d&rsquo;ateliers pour aborder :<\/p>\n\n\n\n<p style=\"font-size:18px\"><a href=\"https:\/\/gsara.tv\/charleroi\/rate-me-atelier-de-reflexions-et-dexpression-sur-les-enjeux-lies-aux-nouvelles-technologies-2018\/\">Les enjeux d&rsquo;internet<\/a> <\/p>\n\n\n\n<p style=\"font-size:18px\"><a href=\"https:\/\/gsara.tv\/charleroi\/smartphone-et-vie-privee\/\">Smartphone et vie priv\u00e9e<\/a><\/p>\n\n\n\n<p style=\"font-size:18px\"><a href=\"https:\/\/gsara.tv\/charleroi\/histoires-de-famille-conservation-et-partage-de-souvenirs\/\">Histoire de famille : conservation et partage de souvenir<\/a><\/p>\n\n\n\n<p style=\"font-size:18px\"><a href=\"https:\/\/gsara.tv\/charleroi\/etre-parent-a-lheure-dinternet\/\">Etre parent \u00e0 l&rsquo;heure d&rsquo;internet<\/a><\/p>\n\n\n\n<p style=\"font-size:18px\"><a href=\"https:\/\/gsara.tv\/charleroi\/atelier-internet-et-vie-privee\/\">Internet et vie priv\u00e9e<\/a><\/p>\n\n\n\n<h2>OBJECTIFS DES ATELIERS M\u00c9DIAS<\/h2>\n\n\n\n<p style=\"font-size:18px\">1. Initier une r\u00e9flexion sur les m\u00e9dias en r\u00e9alisant une production m\u00e9diatique : \u00e9mission radio, vid\u00e9o, cr\u00e9ation d&rsquo;un site etc. <\/p>\n\n\n\n<p style=\"font-size:18px\">2. Accompagner les participant.e.s dans la mise en forme et dans l&rsquo;expression de leur message vers les autres, vers l&rsquo;espace public.<\/p>\n\n\n\n<h2>DES ATELIERS PERSONNALIS<strong>\u00c9<\/strong>S <\/h2>\n\n\n\n<p style=\"font-size:18px\"> \u00c0 l&rsquo;heure o\u00f9 combiner diff\u00e9rents m\u00e9dias est presque in\u00e9vitable, \u00e0 nous d&rsquo;imaginer d&rsquo;autres formes et narrations m\u00e9diatiques pour enrichir vos projets. Chaque atelier m\u00e9dia est unique et se personnalise en fonction de vos attentes et de vos envies.<\/p>\n\n\n\n<p style=\"font-size:18px\">Envie de participer ? N&rsquo;h\u00e9sitez pas \u00e0 nous contacter.<br>Le plus simple est de se rencontrer pour en discuter. <br> <\/p>\n\n\n\n<h2>QUATRE MODULES D&rsquo;ATELIERS<\/h2>\n\n\n\n<p style=\"font-size:18px\"><a href=\"https:\/\/gsara.tv\/charleroi\/ateliers\/1-module-infos-croisees\/\">Infos crois\u00e9es<\/a><\/p>\n\n\n\n<p style=\"font-size:18px\"><a href=\"https:\/\/gsara.tv\/charleroi\/ateliers\/2-module-rate-me\/\">Rate me<\/a><\/p>\n\n\n\n<p style=\"font-size:18px\"><a href=\"https:\/\/gsara.tv\/charleroi\/ateliers\/3-module-premiere-application-mobile\/\">Premi\u00e8re application mobile<\/a><\/p>\n\n\n\n<p style=\"font-size:18px\"><a href=\"https:\/\/gsara.tv\/charleroi\/ateliers\/4-initiation-a-la-robotique-pedagogique\/\">Initiation \u00e0 la robotique<\/a><\/p>\n","protected":false},"excerpt":{"rendered":"<p>Nous r\u00e9alisons des ateliers d&rsquo;expression(s) audiovisuelle(s) avec des groupes de personnes \u00e2g\u00e9es de plus de 16 ans (minimum 5 personnes) qui peuvent prendre de multiples formes. Nous vous proposons d&rsquo;utiliser des outils m\u00e9diatiques pour exprimer vos messages. Les mettre en forme pourrait vous aider \u00e0 mieux comprendre la soci\u00e9t\u00e9 d&rsquo;informations, sa dimension digitale et l&rsquo;environnement [&hellip;]<\/p>\n","protected":false},"author":2,"featured_media":0,"parent":0,"menu_order":0,"comment_status":"closed","ping_status":"open","template":"","meta":{"ngg_post_thumbnail":0},"jetpack_sharing_enabled":true,"_links":{"self":[{"href":"https:\/\/gsara.tv\/charleroi\/wp-json\/wp\/v2\/pages\/33"}],"collection":[{"href":"https:\/\/gsara.tv\/charleroi\/wp-json\/wp\/v2\/pages"}],"about":[{"href":"https:\/\/gsara.tv\/charleroi\/wp-json\/wp\/v2\/types\/page"}],"author":[{"embeddable":true,"href":"https:\/\/gsara.tv\/charleroi\/wp-json\/wp\/v2\/users\/2"}],"replies":[{"embeddable":true,"href":"https:\/\/gsara.tv\/charleroi\/wp-json\/wp\/v2\/comments?post=33"}],"version-history":[{"count":21,"href":"https:\/\/gsara.tv\/charleroi\/wp-json\/wp\/v2\/pages\/33\/revisions"}],"predecessor-version":[{"id":113211,"href":"https:\/\/gsara.tv\/charleroi\/wp-json\/wp\/v2\/pages\/33\/revisions\/113211"}],"wp:attachment":[{"href":"https:\/\/gsara.tv\/charleroi\/wp-json\/wp\/v2\/media?parent=33"}],"curies":[{"name":"wp","href":"https:\/\/api.w.org\/{rel}","templated":true}]}}