{"id":22,"date":"2014-09-08T15:42:05","date_gmt":"2014-09-08T15:42:05","guid":{"rendered":"http:\/\/surveillonslesmedias.wordpress.com\/?page_id=22"},"modified":"2015-01-07T15:00:49","modified_gmt":"2015-01-07T14:00:49","slug":"la-decroissance-une-question-qui-derange-seminaire-a-lulb","status":"publish","type":"page","link":"https:\/\/gsara.tv\/grandemesse\/?page_id=22","title":{"rendered":"\u00ab En route vers les d\u00e9croissances ? \u00bb"},"content":{"rendered":"<h6><span style=\"color: #000000;\"><em><span style=\"font-size: medium;\">Les indicateurs de ch\u00f4mage, de pauvret\u00e9, de d\u00e9gradation environnementale, l\u2019augmentation des in\u00e9galit\u00e9s ou encore la stagnation du bien-\u00eatre ne sont-ils pas autant de signes que le mod\u00e8le de croissance actuel doit \u00eatre profond\u00e9ment transform\u00e9 ? La croissance, qui repose sur une consommation toujours plus accrue de ressources naturelles et sur la d\u00e9gradation de l\u2019environnement doit-elle \u00eatre repens\u00e9e ? Pour les objecteurs de croissance, croissance \u00e9conomique et protection de l\u2019environnement sont incompatibles, au moins dans les pays industrialis\u00e9s. Pour les d\u00e9croissants d\u00e9mographiques, l&rsquo;urgence \u00e9cologique impose de d\u00e9cro\u00eetre au carr\u00e9 : r\u00e9duire notre empreinte \u00e9cologique mais aussi r\u00e9duire la population humaine via une politique <\/span><span style=\"font-size: medium;\">d\u00e9nataliste, respectueuse des droits humains<\/span><span style=\"font-size: medium;\">.<\/span><span style=\"font-size: medium;\"> Nous vous invitons \u00e0 questionner notre besoin de croissance alors que les incertitudes sur notre avenir n\u2019ont jamais \u00e9t\u00e9 aussi grandes.<\/span><\/em><\/span><\/h6>\n<p><span style=\"color: #000000;\">Le <a style=\"color: #000000;\" href=\"http:\/\/gsara.be\/fr\/\" target=\"_blank\">GSARA<\/a> s&rsquo;est associ\u00e9 avec l&rsquo;<a style=\"color: #000000;\" href=\"http:\/\/igeat.ulb.ac.be\/\" target=\"_blank\">IGEAT<\/a> (ULB) pour organiser quatre conf\u00e9rences au cours desquelles ces id\u00e9es seront d\u00e9battues.<\/span><\/p>\n<p><span style=\"color: #000000;\">Entr\u00e9e libre<\/span><\/p>\n<p>&nbsp;<\/p>\n<p><span style=\"color: #000000;\"><strong><span style=\"color: #ff0000;\">Jeudi 6 novembre (19h-21h) &gt; Pour une soci\u00e9t\u00e9 de d\u00e9croissance ?<\/span><br \/>\n<\/strong><span style=\"color: #000000;\">Campus du Solbosch &#8211; <a href=\"http:\/\/www.ulb.ac.be\/campus\/solbosch\/plan.html\" target=\"_blank\">Auditoire UA2.114 <\/a>(b\u00e2timent U, porte A, \u00e9tage 2, local 114)<\/span><\/span><\/p>\n<p><span style=\"color: #000000;\"><em>La th\u00e9matique de la d\u00e9croissance, apparue au cours des ann\u00e9es \u201970 avec les travaux de Georgescu-Roegen et le Rapport Meadows pour le club de Rome a connu une longue \u00e9clipse de pr\u00e8s de trente ans avant de r\u00e9appara\u00eetre sous une forme plus militante au d\u00e9but des ann\u00e9es 2000. Comment peut-on expliquer cette \u00e9clipse et cette r\u00e9apparition ? Quelles sont les diff\u00e9rentes formes que prend actuellement le mouvement de la d\u00e9croissance, quels sont ses centres institutionnels et les d\u00e9bats qui le traversent ? Quelles relations entretient-il avec les mouvements sociaux plus anciens ?<strong><br \/>\n<\/strong><\/em><\/span><\/p>\n<p><span style=\"color: #000000;\"><strong>* Edgar Szoc<\/strong>, \u00e9conomiste, r\u00e9dacteur en chef adjoint de la revue <em>Politique<br \/>\n<\/em><strong>* Henri Goldman<\/strong>, r\u00e9dacteur en chef de la revue <em>Politique<\/em> et de <em>MICmag<br \/>\n<\/em><strong>* Jean Cornil<\/strong>, essayiste, ancien parlementaire<br \/>\nD\u00e9bat avec le public, anim\u00e9 par <b>Tom Bauler<\/b>, Professeur \u00e0 l\u2019ULB, membre de l\u2019IGEAT<\/span><\/p>\n<p><iframe loading=\"lazy\" src=\"\/\/player.vimeo.com\/video\/111641722\" width=\"500\" height=\"281\" frameborder=\"0\" allowfullscreen=\"allowfullscreen\"><\/iframe><\/p>\n<p><strong><span style=\"color: #ff0000;\">Lundi 10 novembre (19h-22h) &gt; Sommes-nous trop nombreux sur terre ?<\/span><br \/>\n<\/strong><span style=\"color: #000000;\">Campus du Solbosch &#8211; <a href=\"http:\/\/www.ulb.ac.be\/campus\/solbosch\/plan.html\" target=\"_blank\">Auditoire UB5.230<\/a><\/span> (b\u00e2timent U &#8211; Porte B, \u00e9tage 5, Local 230)<\/p>\n<p class=\"western\" align=\"JUSTIFY\"><span style=\"color: #000000;\"><em>\u00ab\u00a0Le poids de la natalit\u00e9 menacerait le climat\u00a0\u00bb titrait le journal Le Monde suite \u00e0 la publication du rapport annuel (2009) du Fonds des Nations Unies pour la population. La question de l&rsquo;impact de la population mondiale sur l&rsquo;environnement constitue un terrain particuli\u00e8rement propice au d\u00e9bat. Outre sa dimension \u00e9thique, elle renvoie aussi \u00e0 des causalit\u00e9s complexes, souvent mal connues, compte tenu de la diversit\u00e9 des structures d\u00e9mographiques mais aussi des modes de consommation. Pour en d\u00e9battre, nous aurons le plaisir de recevoir deux orateurs de renom, l&rsquo;un issu des sciences naturelles, l&rsquo;autre des sciences sociales, qui nous proposeront des visions contrast\u00e9es des rapports entre croissance de la population et environnement.<\/em><\/span><\/p>\n<p><span style=\"color: #000000;\">* <strong>Christian Vandermotten<\/strong>, professeur \u00e9m\u00e9rite de g\u00e9ographie \u00e0 l&rsquo;ULB<\/span><\/p>\n<p><span style=\"color: #000000;\">* <strong>Yves Paccalet<\/strong>, philosophe, naturaliste, membre pendant quinze ans de l&rsquo;\u00e9quipe du commandant Cousteau et auteur de nombreux ouvrages dont <em>L&rsquo;Humanit\u00e9 dispara\u00eetra, bon d\u00e9barras !<\/em><br \/>\n<\/span><\/p>\n<p><span style=\"color: #000000;\">D\u00e9bat avec le public, anim\u00e9 par <strong>Jean-Michel Decroly<\/strong>, Professeur \u00e0 l\u2019ULB, membre de l\u2019IGEAT<\/span><\/p>\n<p><iframe loading=\"lazy\" src=\"\/\/player.vimeo.com\/video\/112043552\" width=\"500\" height=\"281\" frameborder=\"0\" allowfullscreen=\"allowfullscreen\"><\/iframe><\/p>\n<p><iframe loading=\"lazy\" src=\"\/\/player.vimeo.com\/video\/112043553\" width=\"500\" height=\"281\" frameborder=\"0\" allowfullscreen=\"allowfullscreen\"><\/iframe><\/p>\n<p><span style=\"color: #ff0000;\"><strong><span style=\"color: #ff0000;\">Mercredi 19 novembre (19h-22h) &gt; Militantisme et diffusion des id\u00e9es<\/span><br \/>\n<\/strong><\/span><span style=\"color: #000000;\">Campus du Solbosch &#8211; <a href=\"http:\/\/www.ulb.ac.be\/campus\/solbosch\/plan.html\" target=\"_blank\">Auditoire UA2.220<\/a><\/span> (B\u00e2timent U, Porte A, \u00e9tage 2, Local 220)<\/p>\n<p><span style=\"color: #000000;\"><i>Aujourd\u2019hui de nombreux citoyens participent \u00e0 des mouvements de terrain autour de la transition ou de la d\u00e9croissance. Quelles sont leurs motivations, quelles sont leurs pratiques quotidiennes et leurs strat\u00e9gies pour diffuser leurs id\u00e9es ? Peut-on identifier les messages qui sont v\u00e9hicul\u00e9s par ces mouvements, y a-t-il des ressemblances et des diff\u00e9rences selon les pays ? D\u2019autre part, quelles sont les attitudes des associations plus institu\u00e9es \u00e0 cet \u00e9gard ? De la provocation \u00e0 l\u2019exp\u00e9rimentation de changements au quotidien, de la pr\u00e9sence dans l\u2019espace public aux diff\u00e9rentes r\u00e9sistances suscit\u00e9es par ces id\u00e9es et initiatives, autant de questions qui feront l\u2019objet de discussion durant cette soir\u00e9e.<\/i><\/span><\/p>\n<p><span style=\"color: #000000;\">*<strong> Luc Semal<\/strong>, Ma\u00eetre de conf\u00e9rences en Science politique au Mus\u00e9um national d&rsquo;histoire naturelle (Cesco, Paris), auteur d&rsquo;une th\u00e8se intitul\u00e9e <em>Militer \u00e0 l\u2019ombre des catastrophes<\/em> <em>: contribution \u00e0 une th\u00e9orie politique environnementale au prisme de mobilisations de la d\u00e9croissance et de la transition<\/em><\/span><\/p>\n<p><span style=\"color: #000000;\">* <strong>Jean-Baptiste Godinot<\/strong>, Le Rassemblement R &#8211; R\u00e9sister, R\u00e9enchanter, Ralentir, Refonder, Relocaliser, Redistribuer, Revivre<\/span><\/p>\n<p><span style=\"color: #000000;\">*\u00a0 <strong>Christophe Schoune<\/strong>, Secr\u00e9taire g\u00e9n\u00e9ral d\u2019Inter-Environnement Wallonie<\/span><\/p>\n<p><span style=\"color: #000000;\">* <strong>Th\u00e9ophile de Giraud<\/strong>, \u00e9crivain, activiste, fondateur de la F\u00eate des Non-Parents et auteur de plusieurs livres remettant en cause la procr\u00e9ation, notamment <em>L\u2019Art de guillotiner les procr\u00e9ateurs : manifeste anti-nataliste<\/em><br \/>\n<\/span><\/p>\n<p><span style=\"color: #000000;\">* D\u00e9bat avec le public, anim\u00e9 par <span class=\"st\"><strong>Edwin Zaccai<\/strong>,<\/span> Professeur \u00e0 l\u2019ULB, membre de l\u2019IGEAT\u00a0 <span class=\"st\"><br \/>\n<\/span><\/span><\/p>\n<p><iframe loading=\"lazy\" src=\"\/\/player.vimeo.com\/video\/112487925\" width=\"500\" height=\"281\" frameborder=\"0\" allowfullscreen=\"allowfullscreen\"><\/iframe><\/p>\n<p><iframe loading=\"lazy\" src=\"\/\/player.vimeo.com\/video\/112487924\" width=\"500\" height=\"281\" frameborder=\"0\" allowfullscreen=\"allowfullscreen\"><\/iframe><\/p>\n<p><span style=\"color: #ff0000;\"><strong>Jeudi 27 novembre (19h-22h) &gt; Les d\u00e9croissances : un sujet m\u00e9diatiquement incorrect ?<br \/>\n<\/strong><span style=\"color: #000000;\">Campus du Solbosch &#8211; <a href=\"http:\/\/www.ulb.ac.be\/campus\/solbosch\/plan.html\" target=\"_blank\">Auditoire UA2.114<\/a> (B\u00e2timent U, Porte A, Niveau 2, Local 114)<br \/>\n<\/span><\/span><\/p>\n<p><span style=\"color: #000000;\"><em>Face aux \u00e9normes d\u00e9fis socio-\u00e9conomiques et environnementaux, nombreux sont ceux qui souhaitent entendre, par m\u00e9dias interpos\u00e9s, d\u2019autres visions,\u00a0d\u2019autres sources d\u2019enchantement qui pourraient aider \u00e0 repenser les conditions de la r\u00e9appropriation d\u2019une possibilit\u00e9 de changement. Quel est l\u2019espace m\u00e9diatique r\u00e9serv\u00e9 \u00e0 la remise en cause de l\u2019ordre \u00e9tabli, notamment la question des d\u00e9croissances \u00e9conomique et d\u00e9mographique dans les m\u00e9dias dominants et sp\u00e9cialis\u00e9s\u00a0? Y a-t-il une ligne rouge que les journalistes ne peuvent d\u00e9passer\u00a0?\u00a0La croissance compterait-elle parmi les dogmes de l\u2019orthodoxie m\u00e9diatique\u00a0?\u00a0Comment\u00a0\u00e9veiller les consciences sur\u00a0des sujets\u00a0complexes\u00a0et\u00a0parler d&rsquo;\u00e9cologie sans\u00a0lasser ni culpabiliser\u00a0?<\/em><\/span><\/p>\n<p><span style=\"color: #000000;\">* <strong>Jade Lindgaard<\/strong>, journaliste sp\u00e9cialiste des questions environnementales \u00e0 <em>MediaPart<\/em><\/span><\/p>\n<p><span style=\"color: #000000;\">* <strong>Andr\u00e9 Ruwet<\/strong>, directeur de publication du magazine d&rsquo;\u00e9cologie <em>Imagine Demain Le Monde<\/em><\/span><\/p>\n<p><span style=\"color: #000000;\">* <strong>Gilles Toussaint<\/strong>, journaliste sp\u00e9cialiste des questions environnementales \u00e0 <em>La<\/em> <em>Libre Belgique<\/em><\/span><\/p>\n<p><span style=\"color: #000000;\">* D\u00e9bat avec le public, anim\u00e9 par <strong>Martine Cornil<\/strong>, longtemps animatrice sur les ondes de la RTBF (<em>T\u00eate \u00e0 t\u00eate<\/em>, <em>Backstage<\/em>, <em>Samedi +<\/em>,..)<\/span><\/p>\n<p><iframe loading=\"lazy\" src=\"\/\/player.vimeo.com\/video\/114676308\" width=\"500\" height=\"281\" frameborder=\"0\" allowfullscreen=\"allowfullscreen\"><\/iframe><\/p>\n<p><iframe loading=\"lazy\" src=\"\/\/player.vimeo.com\/video\/116133866\" width=\"500\" height=\"281\" frameborder=\"0\" allowfullscreen=\"allowfullscreen\"><\/iframe><\/p>\n<p>&nbsp;<\/p>\n","protected":false},"excerpt":{"rendered":"<p>Les indicateurs de ch\u00f4mage, de pauvret\u00e9, de d\u00e9gradation environnementale, l\u2019augmentation des in\u00e9galit\u00e9s ou encore la stagnation du bien-\u00eatre ne sont-ils pas autant de signes que le mod\u00e8le de croissance actuel doit \u00eatre profond\u00e9ment transform\u00e9 ? La croissance, qui repose sur<\/p>\n","protected":false},"author":2,"featured_media":0,"parent":0,"menu_order":0,"comment_status":"open","ping_status":"closed","template":"","meta":{"footnotes":""},"tags":[9,12,11,10],"_links":{"self":[{"href":"https:\/\/gsara.tv\/grandemesse\/index.php?rest_route=\/wp\/v2\/pages\/22"}],"collection":[{"href":"https:\/\/gsara.tv\/grandemesse\/index.php?rest_route=\/wp\/v2\/pages"}],"about":[{"href":"https:\/\/gsara.tv\/grandemesse\/index.php?rest_route=\/wp\/v2\/types\/page"}],"author":[{"embeddable":true,"href":"https:\/\/gsara.tv\/grandemesse\/index.php?rest_route=\/wp\/v2\/users\/2"}],"replies":[{"embeddable":true,"href":"https:\/\/gsara.tv\/grandemesse\/index.php?rest_route=%2Fwp%2Fv2%2Fcomments&post=22"}],"version-history":[{"count":103,"href":"https:\/\/gsara.tv\/grandemesse\/index.php?rest_route=\/wp\/v2\/pages\/22\/revisions"}],"predecessor-version":[{"id":354,"href":"https:\/\/gsara.tv\/grandemesse\/index.php?rest_route=\/wp\/v2\/pages\/22\/revisions\/354"}],"wp:attachment":[{"href":"https:\/\/gsara.tv\/grandemesse\/index.php?rest_route=%2Fwp%2Fv2%2Fmedia&parent=22"}],"wp:term":[{"taxonomy":"post_tag","embeddable":true,"href":"https:\/\/gsara.tv\/grandemesse\/index.php?rest_route=%2Fwp%2Fv2%2Ftags&post=22"}],"curies":[{"name":"wp","href":"https:\/\/api.w.org\/{rel}","templated":true}]}}