{"id":1881,"date":"2018-12-27T13:11:49","date_gmt":"2018-12-27T12:11:49","guid":{"rendered":"https:\/\/gsara.tv\/libramont\/potalesencentreardenne\/?page_id=1881"},"modified":"2020-10-19T09:59:42","modified_gmt":"2020-10-19T07:59:42","slug":"ochamps-village","status":"publish","type":"page","link":"https:\/\/gsara.tv\/libramont\/potalesencentreardenne\/commune-de-libin\/ochamps-village\/","title":{"rendered":"Ochamps village"},"content":{"rendered":"\n<p><code><div class=\"rl-gallery-container rl-loading\" id=\"rl-gallery-container-1\" data-gallery_id=\"3503\"> <div class=\"rl-gallery rl-basicgrid-gallery \" id=\"rl-gallery-1\" data-gallery_no=\"1\"> <div class=\"rl-gallery-item\"><a href=\"https:\/\/gsara.tv\/libramont\/potalesencentreardenne\/wp-content\/uploads\/2019\/09\/Potale-chemin-du-Coubry-a-Ochamps-Copie-scaled-e1602237778979.jpg\" title=\"Potale, chemin du Coubry\" data-rl_title=\"Potale, chemin du Coubry\" class=\"rl-gallery-link\" data-rl_caption=\"\" data-rel=\"lightbox-gallery-1\"><img src=\"https:\/\/gsara.tv\/libramont\/potalesencentreardenne\/wp-content\/uploads\/2019\/09\/Potale-chemin-du-Coubry-a-Ochamps-Copie-scaled-e1602237778979-261x300.jpg\" width=\"261\" height=\"300\" alt=\"\" \/><span class=\"rl-gallery-caption\"><span class=\"rl-gallery-item-title\">Potale, chemin du Coubry<\/span><\/span><\/a><\/div><div class=\"rl-gallery-item\"><a href=\"https:\/\/gsara.tv\/libramont\/potalesencentreardenne\/wp-content\/uploads\/2019\/09\/Potale-rue-Jules-Philippe-Ochamps-e1569574745500.jpg\" title=\"Potale, rue Jules Philippe\" data-rl_title=\"Potale, rue Jules Philippe\" class=\"rl-gallery-link\" data-rl_caption=\"\" data-rel=\"lightbox-gallery-1\"><img src=\"https:\/\/gsara.tv\/libramont\/potalesencentreardenne\/wp-content\/uploads\/2019\/09\/Potale-rue-Jules-Philippe-Ochamps-e1569574745500-169x300.jpg\" width=\"169\" height=\"300\" alt=\"\" \/><span class=\"rl-gallery-caption\"><span class=\"rl-gallery-item-title\">Potale, rue Jules Philippe<\/span><\/span><\/a><\/div><div class=\"rl-gallery-item\"><a href=\"https:\/\/gsara.tv\/libramont\/potalesencentreardenne\/wp-content\/uploads\/2019\/09\/Potale-rue-des-D\u00e9port\u00e9s-Ochamps-e1569574845508.jpg\" title=\"Potale, rue des D\u00e9port\u00e9s\" data-rl_title=\"Potale, rue des D\u00e9port\u00e9s\" class=\"rl-gallery-link\" data-rl_caption=\"\" data-rel=\"lightbox-gallery-1\"><img src=\"https:\/\/gsara.tv\/libramont\/potalesencentreardenne\/wp-content\/uploads\/2019\/09\/Potale-rue-des-D\u00e9port\u00e9s-Ochamps-e1569574845508-211x300.jpg\" width=\"211\" height=\"300\" alt=\"\" \/><span class=\"rl-gallery-caption\"><span class=\"rl-gallery-item-title\">Potale, rue des D\u00e9port\u00e9s<\/span><\/span><\/a><\/div><div class=\"rl-gallery-item\"><a href=\"https:\/\/gsara.tv\/libramont\/potalesencentreardenne\/wp-content\/uploads\/2019\/09\/Potale-rue-des-D\u00e9port\u00e9s-\u00e0-Ochamps-e1569574889670.jpg\" title=\"Potale, rue des D\u00e9port\u00e9s\" data-rl_title=\"Potale, rue des D\u00e9port\u00e9s\" class=\"rl-gallery-link\" data-rl_caption=\"\" data-rel=\"lightbox-gallery-1\"><img src=\"https:\/\/gsara.tv\/libramont\/potalesencentreardenne\/wp-content\/uploads\/2019\/09\/Potale-rue-des-D\u00e9port\u00e9s-\u00e0-Ochamps-e1569574889670-207x300.jpg\" width=\"207\" height=\"300\" alt=\"\" \/><span class=\"rl-gallery-caption\"><span class=\"rl-gallery-item-title\">Potale, rue des D\u00e9port\u00e9s<\/span><\/span><\/a><\/div><div class=\"rl-gallery-item\"><a href=\"https:\/\/gsara.tv\/libramont\/potalesencentreardenne\/wp-content\/uploads\/2019\/09\/Potale-rue-Baron-Copp\u00e9-\u00e0-Ochamps-e1569574934657.jpg\" title=\"Potale, rue Baron Copp\u00e9\" data-rl_title=\"Potale, rue Baron Copp\u00e9\" class=\"rl-gallery-link\" data-rl_caption=\"\" data-rel=\"lightbox-gallery-1\"><img src=\"https:\/\/gsara.tv\/libramont\/potalesencentreardenne\/wp-content\/uploads\/2019\/09\/Potale-rue-Baron-Copp\u00e9-\u00e0-Ochamps-e1569574934657-300x289.jpg\" width=\"300\" height=\"289\" alt=\"\" \/><span class=\"rl-gallery-caption\"><span class=\"rl-gallery-item-title\">Potale, rue Baron Copp\u00e9<\/span><\/span><\/a><\/div><div class=\"rl-gallery-item\"><a href=\"https:\/\/gsara.tv\/libramont\/potalesencentreardenne\/wp-content\/uploads\/2019\/09\/Croix-rue-du-Congo-\u00e0-Ochamps-e1569575062308.jpg\" title=\"Croix, rue du Congo\" data-rl_title=\"Croix, rue du Congo\" class=\"rl-gallery-link\" data-rl_caption=\"\" data-rel=\"lightbox-gallery-1\"><img src=\"https:\/\/gsara.tv\/libramont\/potalesencentreardenne\/wp-content\/uploads\/2019\/09\/Croix-rue-du-Congo-\u00e0-Ochamps-e1569575062308-163x300.jpg\" width=\"163\" height=\"300\" alt=\"\" \/><span class=\"rl-gallery-caption\"><span class=\"rl-gallery-item-title\">Croix, rue du Congo<\/span><\/span><\/a><\/div><div class=\"rl-gallery-item\"><a href=\"https:\/\/gsara.tv\/libramont\/potalesencentreardenne\/wp-content\/uploads\/2019\/09\/Croix-rue-de-lErmite-Ochamps-e1569575289114.jpg\" title=\"Croix, rue de l&rsquo;Ermite\" data-rl_title=\"Croix, rue de l&rsquo;Ermite\" class=\"rl-gallery-link\" data-rl_caption=\"\" data-rel=\"lightbox-gallery-1\"><img src=\"https:\/\/gsara.tv\/libramont\/potalesencentreardenne\/wp-content\/uploads\/2019\/09\/Croix-rue-de-lErmite-Ochamps-e1569575289114-161x300.jpg\" width=\"161\" height=\"300\" alt=\"\" \/><span class=\"rl-gallery-caption\"><span class=\"rl-gallery-item-title\">Croix, rue de l&rsquo;Ermite<\/span><\/span><\/a><\/div><div class=\"rl-gallery-item\"><a href=\"https:\/\/gsara.tv\/libramont\/potalesencentreardenne\/wp-content\/uploads\/2019\/09\/Croix-rue-de-Jule-Philippe-\u00e0-Ochamps-e1569575335811.jpg\" title=\"Croix, rue Jules Philippe\" data-rl_title=\"Croix, rue Jules Philippe\" class=\"rl-gallery-link\" data-rl_caption=\"\" data-rel=\"lightbox-gallery-1\"><img src=\"https:\/\/gsara.tv\/libramont\/potalesencentreardenne\/wp-content\/uploads\/2019\/09\/Croix-rue-de-Jule-Philippe-\u00e0-Ochamps-e1569575335811-125x300.jpg\" width=\"125\" height=\"300\" alt=\"\" \/><span class=\"rl-gallery-caption\"><span class=\"rl-gallery-item-title\">Croix, rue Jules Philippe<\/span><\/span><\/a><\/div><div class=\"rl-gallery-item\"><a href=\"https:\/\/gsara.tv\/libramont\/potalesencentreardenne\/wp-content\/uploads\/2019\/09\/Croix-rue-de-J\u00e9honville-\u00e0-Ochamps-e1569575376654.jpg\" title=\"Croix, rue de J\u00e9honville\" data-rl_title=\"Croix, rue de J\u00e9honville\" class=\"rl-gallery-link\" data-rl_caption=\"\" data-rel=\"lightbox-gallery-1\"><img src=\"https:\/\/gsara.tv\/libramont\/potalesencentreardenne\/wp-content\/uploads\/2019\/09\/Croix-rue-de-J\u00e9honville-\u00e0-Ochamps-e1569575376654-146x300.jpg\" width=\"146\" height=\"300\" alt=\"\" \/><span class=\"rl-gallery-caption\"><span class=\"rl-gallery-item-title\">Croix, rue de J\u00e9honville<\/span><\/span><\/a><\/div><div class=\"rl-gallery-item\"><a href=\"https:\/\/gsara.tv\/libramont\/potalesencentreardenne\/wp-content\/uploads\/2019\/09\/Croix-rue-dAnloy-\u00e0-Ochamps-e1569575419452.jpg\" title=\"Croix, rue d&rsquo;Anloy (Cimeti\u00e8re)\" data-rl_title=\"Croix, rue d&rsquo;Anloy (Cimeti\u00e8re)\" class=\"rl-gallery-link\" data-rl_caption=\"\" data-rel=\"lightbox-gallery-1\"><img src=\"https:\/\/gsara.tv\/libramont\/potalesencentreardenne\/wp-content\/uploads\/2019\/09\/Croix-rue-dAnloy-\u00e0-Ochamps-e1569575419452-300x273.jpg\" width=\"300\" height=\"273\" alt=\"\" \/><span class=\"rl-gallery-caption\"><span class=\"rl-gallery-item-title\">Croix, rue d&rsquo;Anloy (Cimeti\u00e8re)<\/span><\/span><\/a><\/div><div class=\"rl-gallery-item\"><a href=\"https:\/\/gsara.tv\/libramont\/potalesencentreardenne\/wp-content\/uploads\/2019\/09\/Croix-rue-dAnloy-\u00e0-Ochamps-Cimeti\u00e8re-e1569575473942.jpg\" title=\"Croix, rue d&rsquo;Anloy\" data-rl_title=\"Croix, rue d&rsquo;Anloy\" class=\"rl-gallery-link\" data-rl_caption=\"\" data-rel=\"lightbox-gallery-1\"><img src=\"https:\/\/gsara.tv\/libramont\/potalesencentreardenne\/wp-content\/uploads\/2019\/09\/Croix-rue-dAnloy-\u00e0-Ochamps-Cimeti\u00e8re-e1569575473942-199x300.jpg\" width=\"199\" height=\"300\" alt=\"\" \/><span class=\"rl-gallery-caption\"><span class=\"rl-gallery-item-title\">Croix, rue d&rsquo;Anloy<\/span><\/span><\/a><\/div><div class=\"rl-gallery-item\"><a href=\"https:\/\/gsara.tv\/libramont\/potalesencentreardenne\/wp-content\/uploads\/2019\/09\/Croix-et-Potale-rue-dAnloy-\u00e0-Ochamps-e1569574677754.jpg\" title=\"Croix et Potale, rue d&rsquo;Anloy\" data-rl_title=\"Croix et Potale, rue d&rsquo;Anloy\" class=\"rl-gallery-link\" data-rl_caption=\"\" data-rel=\"lightbox-gallery-1\"><img src=\"https:\/\/gsara.tv\/libramont\/potalesencentreardenne\/wp-content\/uploads\/2019\/09\/Croix-et-Potale-rue-dAnloy-\u00e0-Ochamps-e1569574677754-169x300.jpg\" width=\"169\" height=\"300\" alt=\"\" \/><span class=\"rl-gallery-caption\"><span class=\"rl-gallery-item-title\">Croix et Potale, rue d&rsquo;Anloy<\/span><\/span><\/a><\/div><div class=\"rl-gallery-item\"><a href=\"https:\/\/gsara.tv\/libramont\/potalesencentreardenne\/wp-content\/uploads\/2019\/09\/Potale-et-Croix-place-communale-a-Ochamps-scaled.jpg\" title=\"Potale et Croix, place de l&rsquo;Eglise\" data-rl_title=\"Potale et Croix, place de l&rsquo;Eglise\" class=\"rl-gallery-link\" data-rl_caption=\"\" data-rel=\"lightbox-gallery-1\"><img src=\"https:\/\/gsara.tv\/libramont\/potalesencentreardenne\/wp-content\/uploads\/2019\/09\/Potale-et-Croix-place-communale-a-Ochamps-169x300.jpg\" width=\"169\" height=\"300\" alt=\"\" \/><span class=\"rl-gallery-caption\"><span class=\"rl-gallery-item-title\">Potale et Croix, place de l&rsquo;Eglise<\/span><\/span><\/a><\/div> <\/div> <\/div><\/code><\/p>\n","protected":false},"excerpt":{"rendered":"","protected":false},"author":2,"featured_media":0,"parent":214,"menu_order":0,"comment_status":"closed","ping_status":"closed","template":"","meta":[],"acf":[],"_links":{"self":[{"href":"https:\/\/gsara.tv\/libramont\/potalesencentreardenne\/wp-json\/wp\/v2\/pages\/1881"}],"collection":[{"href":"https:\/\/gsara.tv\/libramont\/potalesencentreardenne\/wp-json\/wp\/v2\/pages"}],"about":[{"href":"https:\/\/gsara.tv\/libramont\/potalesencentreardenne\/wp-json\/wp\/v2\/types\/page"}],"author":[{"embeddable":true,"href":"https:\/\/gsara.tv\/libramont\/potalesencentreardenne\/wp-json\/wp\/v2\/users\/2"}],"replies":[{"embeddable":true,"href":"https:\/\/gsara.tv\/libramont\/potalesencentreardenne\/wp-json\/wp\/v2\/comments?post=1881"}],"version-history":[{"count":51,"href":"https:\/\/gsara.tv\/libramont\/potalesencentreardenne\/wp-json\/wp\/v2\/pages\/1881\/revisions"}],"predecessor-version":[{"id":6079,"href":"https:\/\/gsara.tv\/libramont\/potalesencentreardenne\/wp-json\/wp\/v2\/pages\/1881\/revisions\/6079"}],"up":[{"embeddable":true,"href":"https:\/\/gsara.tv\/libramont\/potalesencentreardenne\/wp-json\/wp\/v2\/pages\/214"}],"wp:attachment":[{"href":"https:\/\/gsara.tv\/libramont\/potalesencentreardenne\/wp-json\/wp\/v2\/media?parent=1881"}],"curies":[{"name":"wp","href":"https:\/\/api.w.org\/{rel}","templated":true}]}}

<p><code><div class="rl-gallery-container rl-loading" id="rl-gallery-container-1" data-gallery_id="3503"> <div class="rl-gallery rl-basicgrid-gallery " id="rl-gallery-1" data-gallery_no="1"> <div class="rl-gallery-item"><a href="https://gsara.tv/libramont/potalesencentreardenne/wp-content/uploads/2019/09/Potale-chemin-du-Coubry-a-Ochamps-Copie-scaled-e1602237778979.jpg" title="Potale, chemin du Coubry" data-rl_title="Potale, chemin du Coubry" class="rl-gallery-link" data-rl_caption="" data-rel="lightbox-gallery-1"><img src="https://gsara.tv/libramont/potalesencentreardenne/wp-content/uploads/2019/09/Potale-chemin-du-Coubry-a-Ochamps-Copie-scaled-e1602237778979-261x300.jpg" width="261" height="300" alt="" /><span class="rl-gallery-caption"><span class="rl-gallery-item-title">Potale, chemin du Coubry</span></span></a></div><div class="rl-gallery-item"><a href="https://gsara.tv/libramont/potalesencentreardenne/wp-content/uploads/2019/09/Potale-rue-Jules-Philippe-Ochamps-e1569574745500.jpg" title="Potale, rue Jules Philippe" data-rl_title="Potale, rue Jules Philippe" class="rl-gallery-link" data-rl_caption="" data-rel="lightbox-gallery-1"><img src="https://gsara.tv/libramont/potalesencentreardenne/wp-content/uploads/2019/09/Potale-rue-Jules-Philippe-Ochamps-e1569574745500-169x300.jpg" width="169" height="300" alt="" /><span class="rl-gallery-caption"><span class="rl-gallery-item-title">Potale, rue Jules Philippe</span></span></a></div><div class="rl-gallery-item"><a href="https://gsara.tv/libramont/potalesencentreardenne/wp-content/uploads/2019/09/Potale-rue-des-Déportés-Ochamps-e1569574845508.jpg" title="Potale, rue des Déportés" data-rl_title="Potale, rue des Déportés" class="rl-gallery-link" data-rl_caption="" data-rel="lightbox-gallery-1"><img src="https://gsara.tv/libramont/potalesencentreardenne/wp-content/uploads/2019/09/Potale-rue-des-Déportés-Ochamps-e1569574845508-211x300.jpg" width="211" height="300" alt="" /><span class="rl-gallery-caption"><span class="rl-gallery-item-title">Potale, rue des Déportés</span></span></a></div><div class="rl-gallery-item"><a href="https://gsara.tv/libramont/potalesencentreardenne/wp-content/uploads/2019/09/Potale-rue-des-Déportés-à-Ochamps-e1569574889670.jpg" title="Potale, rue des Déportés" data-rl_title="Potale, rue des Déportés" class="rl-gallery-link" data-rl_caption="" data-rel="lightbox-gallery-1"><img src="https://gsara.tv/libramont/potalesencentreardenne/wp-content/uploads/2019/09/Potale-rue-des-Déportés-à-Ochamps-e1569574889670-207x300.jpg" width="207" height="300" alt="" /><span class="rl-gallery-caption"><span class="rl-gallery-item-title">Potale, rue des Déportés</span></span></a></div><div class="rl-gallery-item"><a href="https://gsara.tv/libramont/potalesencentreardenne/wp-content/uploads/2019/09/Potale-rue-Baron-Coppé-à-Ochamps-e1569574934657.jpg" title="Potale, rue Baron Coppé" data-rl_title="Potale, rue Baron Coppé" class="rl-gallery-link" data-rl_caption="" data-rel="lightbox-gallery-1"><img src="https://gsara.tv/libramont/potalesencentreardenne/wp-content/uploads/2019/09/Potale-rue-Baron-Coppé-à-Ochamps-e1569574934657-300x289.jpg" width="300" height="289" alt="" /><span class="rl-gallery-caption"><span class="rl-gallery-item-title">Potale, rue Baron Coppé</span></span></a></div><div class="rl-gallery-item"><a href="https://gsara.tv/libramont/potalesencentreardenne/wp-content/uploads/2019/09/Croix-rue-du-Congo-à-Ochamps-e1569575062308.jpg" title="Croix, rue du Congo" data-rl_title="Croix, rue du Congo" class="rl-gallery-link" data-rl_caption="" data-rel="lightbox-gallery-1"><img src="https://gsara.tv/libramont/potalesencentreardenne/wp-content/uploads/2019/09/Croix-rue-du-Congo-à-Ochamps-e1569575062308-163x300.jpg" width="163" height="300" alt="" /><span class="rl-gallery-caption"><span class="rl-gallery-item-title">Croix, rue du Congo</span></span></a></div><div class="rl-gallery-item"><a href="https://gsara.tv/libramont/potalesencentreardenne/wp-content/uploads/2019/09/Croix-rue-de-lErmite-Ochamps-e1569575289114.jpg" title="Croix, rue de l&rsquo;Ermite" data-rl_title="Croix, rue de l&rsquo;Ermite" class="rl-gallery-link" data-rl_caption="" data-rel="lightbox-gallery-1"><img src="https://gsara.tv/libramont/potalesencentreardenne/wp-content/uploads/2019/09/Croix-rue-de-lErmite-Ochamps-e1569575289114-161x300.jpg" width="161" height="300" alt="" /><span class="rl-gallery-caption"><span class="rl-gallery-item-title">Croix, rue de l&rsquo;Ermite</span></span></a></div><div class="rl-gallery-item"><a href="https://gsara.tv/libramont/potalesencentreardenne/wp-content/uploads/2019/09/Croix-rue-de-Jule-Philippe-à-Ochamps-e1569575335811.jpg" title="Croix, rue Jules Philippe" data-rl_title="Croix, rue Jules Philippe" class="rl-gallery-link" data-rl_caption="" data-rel="lightbox-gallery-1"><img src="https://gsara.tv/libramont/potalesencentreardenne/wp-content/uploads/2019/09/Croix-rue-de-Jule-Philippe-à-Ochamps-e1569575335811-125x300.jpg" width="125" height="300" alt="" /><span class="rl-gallery-caption"><span class="rl-gallery-item-title">Croix, rue Jules Philippe</span></span></a></div><div class="rl-gallery-item"><a href="https://gsara.tv/libramont/potalesencentreardenne/wp-content/uploads/2019/09/Croix-rue-de-Jéhonville-à-Ochamps-e1569575376654.jpg" title="Croix, rue de Jéhonville" data-rl_title="Croix, rue de Jéhonville" class="rl-gallery-link" data-rl_caption="" data-rel="lightbox-gallery-1"><img src="https://gsara.tv/libramont/potalesencentreardenne/wp-content/uploads/2019/09/Croix-rue-de-Jéhonville-à-Ochamps-e1569575376654-146x300.jpg" width="146" height="300" alt="" /><span class="rl-gallery-caption"><span class="rl-gallery-item-title">Croix, rue de Jéhonville</span></span></a></div><div class="rl-gallery-item"><a href="https://gsara.tv/libramont/potalesencentreardenne/wp-content/uploads/2019/09/Croix-rue-dAnloy-à-Ochamps-e1569575419452.jpg" title="Croix, rue d&rsquo;Anloy (Cimetière)" data-rl_title="Croix, rue d&rsquo;Anloy (Cimetière)" class="rl-gallery-link" data-rl_caption="" data-rel="lightbox-gallery-1"><img src="https://gsara.tv/libramont/potalesencentreardenne/wp-content/uploads/2019/09/Croix-rue-dAnloy-à-Ochamps-e1569575419452-300x273.jpg" width="300" height="273" alt="" /><span class="rl-gallery-caption"><span class="rl-gallery-item-title">Croix, rue d&rsquo;Anloy (Cimetière)</span></span></a></div><div class="rl-gallery-item"><a href="https://gsara.tv/libramont/potalesencentreardenne/wp-content/uploads/2019/09/Croix-rue-dAnloy-à-Ochamps-Cimetière-e1569575473942.jpg" title="Croix, rue d&rsquo;Anloy" data-rl_title="Croix, rue d&rsquo;Anloy" class="rl-gallery-link" data-rl_caption="" data-rel="lightbox-gallery-1"><img src="https://gsara.tv/libramont/potalesencentreardenne/wp-content/uploads/2019/09/Croix-rue-dAnloy-à-Ochamps-Cimetière-e1569575473942-199x300.jpg" width="199" height="300" alt="" /><span class="rl-gallery-caption"><span class="rl-gallery-item-title">Croix, rue d&rsquo;Anloy</span></span></a></div><div class="rl-gallery-item"><a href="https://gsara.tv/libramont/potalesencentreardenne/wp-content/uploads/2019/09/Croix-et-Potale-rue-dAnloy-à-Ochamps-e1569574677754.jpg" title="Croix et Potale, rue d&rsquo;Anloy" data-rl_title="Croix et Potale, rue d&rsquo;Anloy" class="rl-gallery-link" data-rl_caption="" data-rel="lightbox-gallery-1"><img src="https://gsara.tv/libramont/potalesencentreardenne/wp-content/uploads/2019/09/Croix-et-Potale-rue-dAnloy-à-Ochamps-e1569574677754-169x300.jpg" width="169" height="300" alt="" /><span class="rl-gallery-caption"><span class="rl-gallery-item-title">Croix et Potale, rue d&rsquo;Anloy</span></span></a></div><div class="rl-gallery-item"><a href="https://gsara.tv/libramont/potalesencentreardenne/wp-content/uploads/2019/09/Potale-et-Croix-place-communale-a-Ochamps-scaled.jpg" title="Potale et Croix, place de l&rsquo;Eglise" data-rl_title="Potale et Croix, place de l&rsquo;Eglise" class="rl-gallery-link" data-rl_caption="" data-rel="lightbox-gallery-1"><img src="https://gsara.tv/libramont/potalesencentreardenne/wp-content/uploads/2019/09/Potale-et-Croix-place-communale-a-Ochamps-169x300.jpg" width="169" height="300" alt="" /><span class="rl-gallery-caption"><span class="rl-gallery-item-title">Potale et Croix, place de l&rsquo;Eglise</span></span></a></div> </div> </div></code></p>
