{"id":144,"date":"2016-04-26T09:26:00","date_gmt":"2016-04-26T08:26:00","guid":{"rendered":"http:\/\/gsara.tv\/libramont\/routeverlaine\/?page_id=144"},"modified":"2017-07-04T10:00:07","modified_gmt":"2017-07-04T09:00:07","slug":"sources","status":"publish","type":"page","link":"https:\/\/gsara.tv\/libramont\/routeverlaine\/sources\/","title":{"rendered":"sources"},"content":{"rendered":"<p><strong>P. VERLAINE<\/strong>, <em>Croquis de Belgique, <\/em>Revue encyclop\u00e9dique &#8211; 1 mai 1895.<br \/>\n<strong>T. BRAUN<\/strong>, <em>Verlaine et la Belgique<\/em> &#8211; A propos du centenaire de sa naissance, in Bulletin tome XXII &#8211; n\u00b02 octobre 1944 Acad\u00e9mie Royale de Langue et Litt\u00e9rature Fran\u00e7aise, pages 77 \u00e0 99.<br \/>\n<strong>LA GRIVE<\/strong>, Revue ardennaise de litt\u00e9rature et d&rsquo;art, n\u00b018, octobre 1932, Imprimerie P. Anciaux, Charleville-M\u00e9zi\u00e8res.<br \/>\n<strong>J. DUROY<\/strong>, <em>Paul Verlaine au pays de Paliseul<\/em>, in Entre Lesse et Semois, Paliseul, 1974.<br \/>\n<strong>D. CHANTEUX-VAN GOTTOM<\/strong>. <em>P. Verlaine et l&rsquo;Ardenne, Regard singulier d&rsquo;enfance<\/em>, Editions Weyrich, Neufch\u00e2teau, 2012.<br \/>\n<strong>R. THOMAS<\/strong>, <em>Paul Verlaine au pays de Paliseul<\/em>, Brochure du Syndicat d&rsquo;Initiative de Paliseul, 1992.<br \/>\n<strong>G. GOFFETTE<\/strong>, <em>Verlaine d&rsquo;Ardoise et de pluie<\/em>. <span dir=\"ltr\">Gallimard, 1998.<br \/>\n<strong>A. REITHMANN<\/strong>, <em>Panorama d&rsquo;un auteur<\/em>. Philippe Sabourdy<em>Verlaine.<br \/>\n<\/em><\/span><strong>P. VERLAINE<\/strong>, <em>le Patre<\/em>, Au Dr Dechesne, bourgmestre de la ville de Saint-Hubert.<br \/>\n<strong>J. BOULARD<\/strong>,<em> Les naufrag\u00e9s de l&rsquo;orage<\/em>, \u00e9ditions Weyrich, Neuch\u00e2teau 2016.<br \/>\n<strong>AUGE<\/strong>, La Meuse du vendredi 13 d\u00e9cembre 1946.<br \/>\n<strong>H. TROYAT<\/strong>, <em>Verlaine, <\/em>Flamarion<em>, <\/em>octobre 1993.<br \/>\n<strong>Saint Pol ROUX<\/strong>, <em>Verlaine le p\u00e2tre (Arville &#8211;<\/em> Saint-Hubert)<br \/>\n<strong>Ghislain Pascale, <\/strong><em>L&rsquo;Ardenne de Pal Verlaine, Regard d&rsquo;Ardenne, F.T.L.B Automne 2015.<br \/>\n<\/em><strong>Petitfils Pierre, <\/strong><em>Verlaine &#8211; Paris, Juilliard 1994.<br \/>\n<\/em><strong>Petifils P, Humblet P, Huraux Y, Thome E, <\/strong><em>Verlaine en Ardennes, \u00e9ditions de la Manufacture 1985.<br \/>\n<\/em><strong>Istace Jean, <\/strong><em>Les s\u00e9jours de Paul Verlaine \u00e0 Paliseul, cercle d&rsquo;histoire et de Folklore, THO bulletin 2013-n\u00b039.<br \/>\n<\/em><strong>Hureaux Y, <\/strong><em>Un Ardennais nomm\u00e9 Rimbaud, la Nu\u00e9 Bleue- L&rsquo;Ardnnais<\/em> 2003<em>.<br \/>\n<\/em><strong>Saint Pol Roux, <\/strong><em>Reposons de la procession, lettre adress\u00e9 \u00e0 M. le docteur Dechesne, bourgmestre de Saint-Hubert, 12 janvier\u00a0<\/em> 1896.<br \/>\n<strong>Favre Yves-Alain<em>, <\/em><\/strong><em>Paul Verlaine<\/em><em>, \u0153uvres po\u00e9tiques compl\u00e8tes, \u00e9dition Robert Laffont, Paris 1992.<br \/>\n<\/em><\/p>\n","protected":false},"excerpt":{"rendered":"<p>P. VERLAINE, Croquis de Belgique, Revue encyclop\u00e9dique &#8211; 1 mai 1895. T. BRAUN, Verlaine et la Belgique &#8211; A propos du centenaire de sa naissance, in Bulletin tome XXII &#8211; n\u00b02 octobre 1944 Acad\u00e9mie Royale de Langue et Litt\u00e9rature Fran\u00e7aise, pages 77 \u00e0 99. LA GRIVE, Revue ardennaise de litt\u00e9rature et d&rsquo;art, n\u00b018, octobre 1932, [&hellip;]<\/p>\n","protected":false},"author":3,"featured_media":0,"parent":0,"menu_order":0,"comment_status":"closed","ping_status":"closed","template":"","meta":{"_mi_skip_tracking":false},"_links":{"self":[{"href":"https:\/\/gsara.tv\/libramont\/routeverlaine\/wp-json\/wp\/v2\/pages\/144"}],"collection":[{"href":"https:\/\/gsara.tv\/libramont\/routeverlaine\/wp-json\/wp\/v2\/pages"}],"about":[{"href":"https:\/\/gsara.tv\/libramont\/routeverlaine\/wp-json\/wp\/v2\/types\/page"}],"author":[{"embeddable":true,"href":"https:\/\/gsara.tv\/libramont\/routeverlaine\/wp-json\/wp\/v2\/users\/3"}],"replies":[{"embeddable":true,"href":"https:\/\/gsara.tv\/libramont\/routeverlaine\/wp-json\/wp\/v2\/comments?post=144"}],"version-history":[{"count":11,"href":"https:\/\/gsara.tv\/libramont\/routeverlaine\/wp-json\/wp\/v2\/pages\/144\/revisions"}],"predecessor-version":[{"id":2315,"href":"https:\/\/gsara.tv\/libramont\/routeverlaine\/wp-json\/wp\/v2\/pages\/144\/revisions\/2315"}],"wp:attachment":[{"href":"https:\/\/gsara.tv\/libramont\/routeverlaine\/wp-json\/wp\/v2\/media?parent=144"}],"curies":[{"name":"wp","href":"https:\/\/api.w.org\/{rel}","templated":true}]}}