{"id":20,"date":"2016-01-27T14:03:37","date_gmt":"2016-01-27T13:03:37","guid":{"rendered":"http:\/\/gsara.tv\/libramont\/routeverlaine\/?page_id=20"},"modified":"2017-01-23T11:39:44","modified_gmt":"2017-01-23T10:39:44","slug":"paliseul","status":"publish","type":"page","link":"https:\/\/gsara.tv\/libramont\/routeverlaine\/paliseul\/","title":{"rendered":"Paliseul"},"content":{"rendered":"<p><a href=\"http:\/\/gsara.tv\/libramont\/routeverlaine\/wp-content\/uploads\/2016\/12\/Panorama-paliseul.jpg\"><img decoding=\"async\" loading=\"lazy\" class=\"alignright size-full wp-image-1919\" src=\"http:\/\/gsara.tv\/libramont\/routeverlaine\/wp-content\/uploads\/2016\/12\/Panorama-paliseul.jpg\" alt=\"panorama-paliseul\" width=\"4608\" height=\"1832\" srcset=\"https:\/\/gsara.tv\/libramont\/routeverlaine\/wp-content\/uploads\/2016\/12\/Panorama-paliseul.jpg 4608w, https:\/\/gsara.tv\/libramont\/routeverlaine\/wp-content\/uploads\/2016\/12\/Panorama-paliseul-300x119.jpg 300w, https:\/\/gsara.tv\/libramont\/routeverlaine\/wp-content\/uploads\/2016\/12\/Panorama-paliseul-768x305.jpg 768w, https:\/\/gsara.tv\/libramont\/routeverlaine\/wp-content\/uploads\/2016\/12\/Panorama-paliseul-1024x407.jpg 1024w, https:\/\/gsara.tv\/libramont\/routeverlaine\/wp-content\/uploads\/2016\/12\/Panorama-paliseul-1440x573.jpg 1440w\" sizes=\"(max-width: 4608px) 100vw, 4608px\" \/><\/a><\/p>\n<p>Ce nom viendrait du mot \u00ab\u00a0Palis\u00a0\u00bb (Palais). Paliseul est un gros village, prosp\u00e8re et propre, et qui a, de l&rsquo;Ardenne, tout le charme, pas ses bois, ses vallonnements et ses ruisseaux cascadant sur les pierres&#8230; Et puis, c&rsquo;est sur son plateau que na\u00eet l&rsquo;Our, cette gentille rivi\u00e8re qui, apr\u00e8s avoir roul\u00e9 deux lieues sur un lit de cailloux et de schiste, va se jeter dans la Lesse. \u00ab\u00a0Paliseul se doit d&rsquo;\u00eatre connu par les nombreux s\u00e9jours qu&rsquo;y fit Paul Verlaine. En effet, c&rsquo;est chez sa tante n\u00e9e Henriette, Louise Verlaine que le po\u00e8te vint passer ses plus claires vacances&#8230;\u00a0\u00bb Extrait de <em>Marcel Leroy.<\/em><\/p>\n<figure id=\"attachment_119\" aria-describedby=\"caption-attachment-119\" style=\"width: 360px\" class=\"wp-caption alignleft\"><a href=\"http:\/\/gsara.tv\/libramont\/routeverlaine\/paliseul\/la-hache\/\"><img decoding=\"async\" loading=\"lazy\" class=\"wp-image-119\" src=\"http:\/\/gsara.tv\/libramont\/routeverlaine\/wp-content\/uploads\/2016\/04\/la-hache2-300x225.jpg\" width=\"360\" height=\"270\" srcset=\"https:\/\/gsara.tv\/libramont\/routeverlaine\/wp-content\/uploads\/2016\/04\/la-hache2-300x225.jpg 300w, https:\/\/gsara.tv\/libramont\/routeverlaine\/wp-content\/uploads\/2016\/04\/la-hache2-768x576.jpg 768w, https:\/\/gsara.tv\/libramont\/routeverlaine\/wp-content\/uploads\/2016\/04\/la-hache2.jpg 846w\" sizes=\"(max-width: 360px) 100vw, 360px\" \/><\/a><figcaption id=\"caption-attachment-119\" class=\"wp-caption-text\">La hache<\/figcaption><\/figure>\n<figure id=\"attachment_196\" aria-describedby=\"caption-attachment-196\" style=\"width: 245px\" class=\"wp-caption alignright\"><a href=\"http:\/\/gsara.tv\/libramont\/routeverlaine\/paliseul\/maison-perot\/\"><img decoding=\"async\" loading=\"lazy\" class=\"wp-image-196\" src=\"http:\/\/gsara.tv\/libramont\/routeverlaine\/wp-content\/uploads\/2016\/05\/maison-paul-verlaine-4B-292x300.jpg\" width=\"245\" height=\"252\" srcset=\"https:\/\/gsara.tv\/libramont\/routeverlaine\/wp-content\/uploads\/2016\/05\/maison-paul-verlaine-4B-292x300.jpg 292w, https:\/\/gsara.tv\/libramont\/routeverlaine\/wp-content\/uploads\/2016\/05\/maison-paul-verlaine-4B-768x789.jpg 768w, https:\/\/gsara.tv\/libramont\/routeverlaine\/wp-content\/uploads\/2016\/05\/maison-paul-verlaine-4B-997x1024.jpg 997w, https:\/\/gsara.tv\/libramont\/routeverlaine\/wp-content\/uploads\/2016\/05\/maison-paul-verlaine-4B-934x960.jpg 934w, https:\/\/gsara.tv\/libramont\/routeverlaine\/wp-content\/uploads\/2016\/05\/maison-paul-verlaine-4B.jpg 1934w\" sizes=\"(max-width: 245px) 100vw, 245px\" \/><\/a><figcaption id=\"caption-attachment-196\" class=\"wp-caption-text\">Maison Perot<\/figcaption><\/figure>\n<figure id=\"attachment_202\" aria-describedby=\"caption-attachment-202\" style=\"width: 360px\" class=\"wp-caption alignleft\"><a href=\"http:\/\/gsara.tv\/libramont\/routeverlaine\/paliseul\/grand-place\/\"><img decoding=\"async\" loading=\"lazy\" class=\"wp-image-202\" src=\"http:\/\/gsara.tv\/libramont\/routeverlaine\/wp-content\/uploads\/2016\/05\/grand-place-300x181.jpg\" width=\"360\" height=\"218\" srcset=\"https:\/\/gsara.tv\/libramont\/routeverlaine\/wp-content\/uploads\/2016\/05\/grand-place-300x181.jpg 300w, https:\/\/gsara.tv\/libramont\/routeverlaine\/wp-content\/uploads\/2016\/05\/grand-place.jpg 701w\" sizes=\"(max-width: 360px) 100vw, 360px\" \/><\/a><figcaption id=\"caption-attachment-202\" class=\"wp-caption-text\">Grand Place<\/figcaption><\/figure>\n<figure id=\"attachment_220\" aria-describedby=\"caption-attachment-220\" style=\"width: 220px\" class=\"wp-caption alignright\"><a href=\"http:\/\/gsara.tv\/libramont\/routeverlaine\/paliseul\/maison-jean-joseph-istace\/\"><img decoding=\"async\" loading=\"lazy\" class=\"wp-image-220\" src=\"http:\/\/gsara.tv\/libramont\/routeverlaine\/wp-content\/uploads\/2016\/05\/sur-le-pouce-photo-e1462266416973-262x300.jpg\" width=\"220\" height=\"252\" srcset=\"https:\/\/gsara.tv\/libramont\/routeverlaine\/wp-content\/uploads\/2016\/05\/sur-le-pouce-photo-e1462266416973-262x300.jpg 262w, https:\/\/gsara.tv\/libramont\/routeverlaine\/wp-content\/uploads\/2016\/05\/sur-le-pouce-photo-e1462266416973.jpg 435w\" sizes=\"(max-width: 220px) 100vw, 220px\" \/><\/a><figcaption id=\"caption-attachment-220\" class=\"wp-caption-text\">Maison Jean-Joseph Istace<\/figcaption><\/figure>\n<figure id=\"attachment_166\" aria-describedby=\"caption-attachment-166\" style=\"width: 207px\" class=\"wp-caption alignright\"><a href=\"http:\/\/gsara.tv\/libramont\/routeverlaine\/paliseul\/eglise-saint-eutrope\/\"><img decoding=\"async\" loading=\"lazy\" class=\"wp-image-166\" src=\"http:\/\/gsara.tv\/libramont\/routeverlaine\/wp-content\/uploads\/2016\/04\/Paliseul-village-nouvelle.jpg\" width=\"207\" height=\"265\" \/><\/a><figcaption id=\"caption-attachment-166\" class=\"wp-caption-text\">Eglise Saint-Eutrope<\/figcaption><\/figure>\n<figure id=\"attachment_37\" aria-describedby=\"caption-attachment-37\" style=\"width: 300px\" class=\"wp-caption alignleft\"><a href=\"http:\/\/gsara.tv\/libramont\/routeverlaine\/paliseul\/saint-roch\/\"><img decoding=\"async\" loading=\"lazy\" class=\"wp-image-37 size-medium\" src=\"http:\/\/gsara.tv\/libramont\/routeverlaine\/wp-content\/uploads\/2016\/01\/chapelle-saint-roch2-300x225.jpg\" alt=\"Chapelle Saint Roch\" width=\"300\" height=\"225\" srcset=\"https:\/\/gsara.tv\/libramont\/routeverlaine\/wp-content\/uploads\/2016\/01\/chapelle-saint-roch2-300x225.jpg 300w, https:\/\/gsara.tv\/libramont\/routeverlaine\/wp-content\/uploads\/2016\/01\/chapelle-saint-roch2-768x577.jpg 768w, https:\/\/gsara.tv\/libramont\/routeverlaine\/wp-content\/uploads\/2016\/01\/chapelle-saint-roch2-1024x769.jpg 1024w, https:\/\/gsara.tv\/libramont\/routeverlaine\/wp-content\/uploads\/2016\/01\/chapelle-saint-roch2-1278x960.jpg 1278w, https:\/\/gsara.tv\/libramont\/routeverlaine\/wp-content\/uploads\/2016\/01\/chapelle-saint-roch2.jpg 1385w\" sizes=\"(max-width: 300px) 100vw, 300px\" \/><\/a><figcaption id=\"caption-attachment-37\" class=\"wp-caption-text\">Chapelle Saint-Roch<\/figcaption><\/figure>\n<figure id=\"attachment_1294\" aria-describedby=\"caption-attachment-1294\" style=\"width: 300px\" class=\"wp-caption alignleft\"><a href=\"http:\/\/gsara.tv\/libramont\/routeverlaine\/paliseul\/maison-douret-et-la-poste-anciennement-hotel-du-lion-dor-et-lhotel-des-ardennes\/\"><img decoding=\"async\" loading=\"lazy\" class=\"wp-image-1294 size-medium\" src=\"http:\/\/gsara.tv\/libramont\/routeverlaine\/wp-content\/uploads\/2016\/11\/maison-douret-300x242.jpg\" width=\"300\" height=\"242\" \/><\/a><figcaption id=\"caption-attachment-1294\" class=\"wp-caption-text\">Maison Douret<\/figcaption><\/figure>\n<figure id=\"attachment_498\" aria-describedby=\"caption-attachment-498\" style=\"width: 300px\" class=\"wp-caption alignright\"><a href=\"http:\/\/gsara.tv\/libramont\/routeverlaine\/paliseul\/maison-francken\/\"><img decoding=\"async\" loading=\"lazy\" class=\"wp-image-498 size-medium\" src=\"http:\/\/gsara.tv\/libramont\/routeverlaine\/wp-content\/uploads\/2016\/06\/P1000964-300x227.jpg\" width=\"300\" height=\"227\" srcset=\"https:\/\/gsara.tv\/libramont\/routeverlaine\/wp-content\/uploads\/2016\/06\/P1000964-300x227.jpg 300w, https:\/\/gsara.tv\/libramont\/routeverlaine\/wp-content\/uploads\/2016\/06\/P1000964-768x582.jpg 768w, https:\/\/gsara.tv\/libramont\/routeverlaine\/wp-content\/uploads\/2016\/06\/P1000964-1024x776.jpg 1024w, https:\/\/gsara.tv\/libramont\/routeverlaine\/wp-content\/uploads\/2016\/06\/P1000964-1266x960.jpg 1266w\" sizes=\"(max-width: 300px) 100vw, 300px\" \/><\/a><figcaption id=\"caption-attachment-498\" class=\"wp-caption-text\">Maison Francken<\/figcaption><\/figure>\n<figure id=\"attachment_230\" aria-describedby=\"caption-attachment-230\" style=\"width: 300px\" class=\"wp-caption alignright\"><a href=\"http:\/\/gsara.tv\/libramont\/routeverlaine\/paliseul\/syndicat-dinitiative-de-paliseul\/\"><img decoding=\"async\" loading=\"lazy\" class=\"wp-image-230 size-medium\" src=\"http:\/\/gsara.tv\/libramont\/routeverlaine\/wp-content\/uploads\/2016\/05\/Syndicat-300x206.jpg\" width=\"300\" height=\"206\" srcset=\"https:\/\/gsara.tv\/libramont\/routeverlaine\/wp-content\/uploads\/2016\/05\/Syndicat-300x206.jpg 300w, https:\/\/gsara.tv\/libramont\/routeverlaine\/wp-content\/uploads\/2016\/05\/Syndicat.jpg 400w\" sizes=\"(max-width: 300px) 100vw, 300px\" \/><\/a><figcaption id=\"caption-attachment-230\" class=\"wp-caption-text\">Syndicat d&rsquo;initiative<\/figcaption><\/figure>\n<figure id=\"attachment_240\" aria-describedby=\"caption-attachment-240\" style=\"width: 225px\" class=\"wp-caption alignleft\"><a href=\"http:\/\/gsara.tv\/libramont\/routeverlaine\/paliseul\/stele-perot\/\"><img decoding=\"async\" loading=\"lazy\" class=\"wp-image-240 size-medium\" src=\"http:\/\/gsara.tv\/libramont\/routeverlaine\/wp-content\/uploads\/2016\/05\/P1000173-225x300.jpg\" width=\"225\" height=\"300\" srcset=\"https:\/\/gsara.tv\/libramont\/routeverlaine\/wp-content\/uploads\/2016\/05\/P1000173-225x300.jpg 225w, https:\/\/gsara.tv\/libramont\/routeverlaine\/wp-content\/uploads\/2016\/05\/P1000173-768x1024.jpg 768w, https:\/\/gsara.tv\/libramont\/routeverlaine\/wp-content\/uploads\/2016\/05\/P1000173-720x960.jpg 720w\" sizes=\"(max-width: 225px) 100vw, 225px\" \/><\/a><figcaption id=\"caption-attachment-240\" class=\"wp-caption-text\">St\u00e8le P\u00e9rot<\/figcaption><\/figure>\n","protected":false},"excerpt":{"rendered":"<p>Ce nom viendrait du mot \u00ab\u00a0Palis\u00a0\u00bb (Palais). Paliseul est un gros village, prosp\u00e8re et propre, et qui a, de l&rsquo;Ardenne, tout le charme, pas ses bois, ses vallonnements et ses ruisseaux cascadant sur les pierres&#8230; Et puis, c&rsquo;est sur son plateau que na\u00eet l&rsquo;Our, cette gentille rivi\u00e8re qui, apr\u00e8s avoir roul\u00e9 deux lieues sur un [&hellip;]<\/p>\n","protected":false},"author":2,"featured_media":0,"parent":0,"menu_order":0,"comment_status":"closed","ping_status":"closed","template":"","meta":{"_mi_skip_tracking":false},"_links":{"self":[{"href":"https:\/\/gsara.tv\/libramont\/routeverlaine\/wp-json\/wp\/v2\/pages\/20"}],"collection":[{"href":"https:\/\/gsara.tv\/libramont\/routeverlaine\/wp-json\/wp\/v2\/pages"}],"about":[{"href":"https:\/\/gsara.tv\/libramont\/routeverlaine\/wp-json\/wp\/v2\/types\/page"}],"author":[{"embeddable":true,"href":"https:\/\/gsara.tv\/libramont\/routeverlaine\/wp-json\/wp\/v2\/users\/2"}],"replies":[{"embeddable":true,"href":"https:\/\/gsara.tv\/libramont\/routeverlaine\/wp-json\/wp\/v2\/comments?post=20"}],"version-history":[{"count":99,"href":"https:\/\/gsara.tv\/libramont\/routeverlaine\/wp-json\/wp\/v2\/pages\/20\/revisions"}],"predecessor-version":[{"id":2105,"href":"https:\/\/gsara.tv\/libramont\/routeverlaine\/wp-json\/wp\/v2\/pages\/20\/revisions\/2105"}],"wp:attachment":[{"href":"https:\/\/gsara.tv\/libramont\/routeverlaine\/wp-json\/wp\/v2\/media?parent=20"}],"curies":[{"name":"wp","href":"https:\/\/api.w.org\/{rel}","templated":true}]}}