{"id":22,"date":"2016-01-27T14:03:57","date_gmt":"2016-01-27T13:03:57","guid":{"rendered":"http:\/\/gsara.tv\/libramont\/routeverlaine\/?page_id=22"},"modified":"2017-05-19T09:09:20","modified_gmt":"2017-05-19T08:09:20","slug":"saint-roch","status":"publish","type":"page","link":"https:\/\/gsara.tv\/libramont\/routeverlaine\/paliseul\/saint-roch\/","title":{"rendered":"Chapelle Saint-Roch"},"content":{"rendered":"<p>En quittant Paliseul, au croisement des routes de Maissin et Bertrix, Verlaine longeait la chapelle Saint-Roch, ombrag\u00e9e d&rsquo;un tilleul s\u00e9culaire, aussi ancien, semble-t-il, que l&rsquo;oratoire \u00e9difi\u00e9 en 1636. Cet arbre impressionnant et exceptionnel par son \u00e2ge, plus que tricentenaire, fut class\u00e9 au patrimoine avec l&rsquo;ensemble du site en 1982. Mais il ne r\u00e9sista point \u00e0 la temp\u00eate de 1999, en d\u00e9pit des arceaux m\u00e9talliques qui l&rsquo;arrimaient aux deux fr\u00eanes voisins. Le tilleul rendit finalement l&rsquo;\u00e2me, \u00e0 l&rsquo;\u00e2ge v\u00e9n\u00e9rable de 363 ans! Il est vraiment des arbres tut\u00e9laires, qui traversent et d\u00e9fient le temps.<\/p>\n<p>Tout un peuple habite le tilleul, arbre mellif\u00e8re par excellence: le peuple des abeilles \u2013 ou les \u00ab\u00a0avettes\u00a0\u00bb. Il leur offre un v\u00e9ritable butin de nectar aux alentours du solstice d&rsquo;\u00e9t\u00e9, \u00e0 la St-Jean.<br \/>\nAu printemps, le tilleul reprend vie: il nous berce toujours par le l\u00e9ger bruissement de ses branches et de son \u00e9corce, avec toutes les m\u00e9lodies de ce monde infime.<br \/>\nAu premier ensoleillement, le tilleul s&rsquo;enveloppe comme d&rsquo;une \u00e9cume effervescente due au bouillonnement des vols de milliers d&rsquo;abeilles.<br \/>\nUn bourdonnement affair\u00e9, un parfum d\u00e9licat et euphorisant gagnent toute la cime de l&rsquo;arbre, dans la splendeur et la g\u00e9n\u00e9rosit\u00e9 de sa floraison.<\/p>\n<p>Dans une lettre \u00e0 E. Bl\u00e9mont, Verlaine se plaisait \u00e0 citer quelques vers de la plume de Marceline Desbordes-Valmore:<\/p>\n<p><em>Si l&rsquo;enfant sommeille<br \/>\nIl verra l&rsquo;abeille<\/em><\/p>\n<p><em> Quand elle aura fait son miel<br \/>\nVoler entre terre et ciel.<\/em><\/p>\n<p><iframe loading=\"lazy\" class=\"juxtapose\" src=\"https:\/\/cdn.knightlab.com\/libs\/juxtapose\/latest\/embed\/index.html?uid=f0cdb614-0863-11e6-a524-0e7075bba956\" width=\"100%\" height=\"250\" frameborder=\"0\"><\/iframe><b><\/b><\/p>\n<p><strong>Origine de la chapelle.<\/strong><br \/>\nAu XVIIe si\u00e8cle, la contr\u00e9e d\u00e9vast\u00e9e par la guerre devint un terrain id\u00e9al pour la propagation de la peste. En 1636, les survivants paliseulois \u00e9rig\u00e8rent une chapelle votive en l&rsquo;honneur de Saint-Roch, pour remercier le ciel pour la fin du fl\u00e9au et pour en \u00eatre pr\u00e9serv\u00e9s \u00e0 l&rsquo;avenir. En ce lieu, le jeune Verlaine serait aussi venu implorer le saint<em> afin d&rsquo;\u00eatre d\u00e9livr\u00e9 de la peste du mariage<\/em>. Mais ceci est sans doute une autre histoire\u2026<\/p>\n<p><strong>L\u2019enterrement<\/strong><\/p>\n<p>Je ne sais rien de gai comme un enterrement!<br \/>\nLe fossoyeur qui chante et sa pioche qui brille,<br \/>\nLa cloche, au loin, dans l\u2019air, lan\u00e7ant son svelte trille,<br \/>\nLe pr\u00eatre en blanc surplis, qui prie all\u00e8grement,<\/p>\n<p>L\u2019enfant de ch\u0153ur avec sa voix fra\u00eeche de fille,<img decoding=\"async\" loading=\"lazy\" class=\"alignright wp-image-1362 \" src=\"http:\/\/gsara.tv\/libramont\/routeverlaine\/wp-content\/uploads\/2016\/11\/enterrement-300x156.jpg\" alt=\"enterrement\" width=\"442\" height=\"230\" srcset=\"https:\/\/gsara.tv\/libramont\/routeverlaine\/wp-content\/uploads\/2016\/11\/enterrement-300x156.jpg 300w, https:\/\/gsara.tv\/libramont\/routeverlaine\/wp-content\/uploads\/2016\/11\/enterrement.jpg 600w\" sizes=\"(max-width: 442px) 100vw, 442px\" \/><br \/>\nEt quand, au fond du trou, bien chaud, douillettement,<br \/>\nS\u2019installe le cercueil, le mol \u00e9boulement<br \/>\nDe la terre, \u00e9dredon du d\u00e9funt, heureux drille,<\/p>\n<p>Tout cela me para\u00eet charmant, en v\u00e9rit\u00e9!<br \/>\nEt puis, tout rondelets, sous leur frac \u00e9court\u00e9,<br \/>\nLes croque-morts au nez rougi par les pourboires,<\/p>\n<p>Et puis les beaux discours concis, mais pleins de sens,<br \/>\nEt puis, c\u0153urs \u00e9largis, fronts o\u00f9 flotte une gloire,<br \/>\nLes h\u00e9ritiers resplendissants!<\/p>\n<p>Extraits de\u00a0<em>Po\u00e8mes saturniens.<\/em><\/p>\n<p>&nbsp;<\/p>\n<p><strong>le ciel est par- dessus les toits<\/strong><\/p>\n<p>Le ciel est, par-dessus le toit,<br \/>\nSi bleu, si calme!<br \/>\nUn arbre, par-dessus le toit,<img decoding=\"async\" loading=\"lazy\" class=\"alignright wp-image-1364 size-medium\" src=\"http:\/\/gsara.tv\/libramont\/routeverlaine\/wp-content\/uploads\/2016\/11\/m\u00e9lancolie-300x300.jpg\" alt=\"melancolie\" width=\"300\" height=\"300\" srcset=\"https:\/\/gsara.tv\/libramont\/routeverlaine\/wp-content\/uploads\/2016\/11\/m\u00e9lancolie-300x300.jpg 300w, https:\/\/gsara.tv\/libramont\/routeverlaine\/wp-content\/uploads\/2016\/11\/m\u00e9lancolie-150x150.jpg 150w, https:\/\/gsara.tv\/libramont\/routeverlaine\/wp-content\/uploads\/2016\/11\/m\u00e9lancolie.jpg 600w\" sizes=\"(max-width: 300px) 100vw, 300px\" \/><br \/>\nBerce sa palme.<\/p>\n<p>La cloche, dans le ciel qu&rsquo;on voit,<br \/>\nDoucement tinte.<br \/>\nUn oiseau sur l&rsquo;arbre qu&rsquo;on voit<br \/>\nChante sa plainte.<\/p>\n<p>Mon Dieu, mon Dieu, la vie est l\u00e0<br \/>\nSimple et tranquille.<br \/>\nCette paisible rumeur-l\u00e0<br \/>\nVient de la ville.<\/p>\n<p>Qu&rsquo;as-tu fait, \u00f4 toi que voil\u00e0<br \/>\nPleurant sans cesse,<br \/>\nDis, qu&rsquo;as-tu fait, toi que voil\u00e0,<br \/>\nDe ta jeunesse?<\/p>\n<p>Extraits de\u00a0<em>Sagesse.<\/em><\/p>\n<p><iframe loading=\"lazy\" width=\"1000\" height=\"400\" scrolling=\"no\" frameborder=\"no\" src=\"https:\/\/w.soundcloud.com\/player\/?visual=true&#038;url=https%3A%2F%2Fapi.soundcloud.com%2Ftracks%2F265647534&#038;show_artwork=true&#038;maxwidth=1000&#038;maxheight=1000\"><\/iframe><\/p>\n<p><a href=\"http:\/\/gsara.tv\/libramont\/routeverlaine\/paliseul\/\"><img decoding=\"async\" loading=\"lazy\" class=\"alignright wp-image-1841 size-medium\" src=\"http:\/\/gsara.tv\/libramont\/routeverlaine\/wp-content\/uploads\/2016\/12\/infoPaliseul-300x264.jpg\" width=\"300\" height=\"264\" srcset=\"https:\/\/gsara.tv\/libramont\/routeverlaine\/wp-content\/uploads\/2016\/12\/infoPaliseul-300x264.jpg 300w, https:\/\/gsara.tv\/libramont\/routeverlaine\/wp-content\/uploads\/2016\/12\/infoPaliseul.jpg 545w\" sizes=\"(max-width: 300px) 100vw, 300px\" \/><\/a><\/p>\n","protected":false},"excerpt":{"rendered":"<p>En quittant Paliseul, au croisement des routes de Maissin et Bertrix, Verlaine longeait la chapelle Saint-Roch, ombrag\u00e9e d&rsquo;un tilleul s\u00e9culaire, aussi ancien, semble-t-il, que l&rsquo;oratoire \u00e9difi\u00e9 en 1636. Cet arbre impressionnant et exceptionnel par son \u00e2ge, plus que tricentenaire, fut class\u00e9 au patrimoine avec l&rsquo;ensemble du site en 1982. Mais il ne r\u00e9sista point \u00e0 [&hellip;]<\/p>\n","protected":false},"author":2,"featured_media":0,"parent":20,"menu_order":0,"comment_status":"closed","ping_status":"closed","template":"","meta":{"_mi_skip_tracking":false},"_links":{"self":[{"href":"https:\/\/gsara.tv\/libramont\/routeverlaine\/wp-json\/wp\/v2\/pages\/22"}],"collection":[{"href":"https:\/\/gsara.tv\/libramont\/routeverlaine\/wp-json\/wp\/v2\/pages"}],"about":[{"href":"https:\/\/gsara.tv\/libramont\/routeverlaine\/wp-json\/wp\/v2\/types\/page"}],"author":[{"embeddable":true,"href":"https:\/\/gsara.tv\/libramont\/routeverlaine\/wp-json\/wp\/v2\/users\/2"}],"replies":[{"embeddable":true,"href":"https:\/\/gsara.tv\/libramont\/routeverlaine\/wp-json\/wp\/v2\/comments?post=22"}],"version-history":[{"count":46,"href":"https:\/\/gsara.tv\/libramont\/routeverlaine\/wp-json\/wp\/v2\/pages\/22\/revisions"}],"predecessor-version":[{"id":2309,"href":"https:\/\/gsara.tv\/libramont\/routeverlaine\/wp-json\/wp\/v2\/pages\/22\/revisions\/2309"}],"up":[{"embeddable":true,"href":"https:\/\/gsara.tv\/libramont\/routeverlaine\/wp-json\/wp\/v2\/pages\/20"}],"wp:attachment":[{"href":"https:\/\/gsara.tv\/libramont\/routeverlaine\/wp-json\/wp\/v2\/media?parent=22"}],"curies":[{"name":"wp","href":"https:\/\/api.w.org\/{rel}","templated":true}]}}