{"id":228,"date":"2016-05-03T10:15:03","date_gmt":"2016-05-03T09:15:03","guid":{"rendered":"http:\/\/gsara.tv\/libramont\/routeverlaine\/?page_id=228"},"modified":"2017-03-07T10:32:52","modified_gmt":"2017-03-07T09:32:52","slug":"syndicat-dinitiative-de-paliseul","status":"publish","type":"page","link":"https:\/\/gsara.tv\/libramont\/routeverlaine\/paliseul\/syndicat-dinitiative-de-paliseul\/","title":{"rendered":"Syndicat d&rsquo;initiative de Paliseul"},"content":{"rendered":"<p>Le bureau du syndicat d&rsquo;initiative est install\u00e9 dans la maison de village, d\u00e9nomm\u00e9e<em>\u00ab\u00a0Salle de Sauvian\u00a0\u00bb<\/em>. Actuellement propri\u00e9t\u00e9 communale, cet immeuble appartenait \u00e0 l&rsquo;ASBL \u0152uvres paroissiales de Paliseul. Elle abrita une salle pour les repr\u00e9sentations th\u00e9\u00e2trales, les projections cin\u00e9matographiques et une biblioth\u00e8que. Le dimanche 20 mai 1951 un violent incendie r\u00e9duisit en cendres cette maison. Une nouvelle salle de spectacle fut construite sur son emplacement. Au d\u00e9but des ann\u00e9es 1970, elle devint surface commerciale avant d&rsquo;\u00eatre rachet\u00e9e par la commune. Le clos en question, potager-verger, propri\u00e9t\u00e9 de la famille Jean-Joseph Perot-Jeanne Eug\u00e9nie Poncelet, occupait initialement l&#8217;emplacement de cette demeure.<\/p>\n<div id='gallery-1' class='gallery galleryid-228 gallery-columns-3 gallery-size-medium'><figure class='gallery-item'>\n\t\t\t<div class='gallery-icon landscape'>\n\t\t\t\t<a href='https:\/\/gsara.tv\/libramont\/routeverlaine\/paliseul\/syndicat-dinitiative-de-paliseul\/syndicat\/'><img width=\"300\" height=\"206\" src=\"https:\/\/gsara.tv\/libramont\/routeverlaine\/wp-content\/uploads\/2016\/05\/Syndicat-300x206.jpg\" class=\"attachment-medium size-medium\" alt=\"\" decoding=\"async\" loading=\"lazy\" aria-describedby=\"gallery-1-230\" srcset=\"https:\/\/gsara.tv\/libramont\/routeverlaine\/wp-content\/uploads\/2016\/05\/Syndicat-300x206.jpg 300w, https:\/\/gsara.tv\/libramont\/routeverlaine\/wp-content\/uploads\/2016\/05\/Syndicat.jpg 400w\" sizes=\"(max-width: 300px) 100vw, 300px\" \/><\/a>\n\t\t\t<\/div>\n\t\t\t\t<figcaption class='wp-caption-text gallery-caption' id='gallery-1-230'>\n\t\t\t\tSyndicat d&rsquo;initiative\n\t\t\t\t<\/figcaption><\/figure><figure class='gallery-item'>\n\t\t\t<div class='gallery-icon landscape'>\n\t\t\t\t<a href='https:\/\/gsara.tv\/libramont\/routeverlaine\/paliseul\/syndicat-dinitiative-de-paliseul\/1le-clos-des-perots\/'><img width=\"300\" height=\"186\" src=\"https:\/\/gsara.tv\/libramont\/routeverlaine\/wp-content\/uploads\/2016\/11\/1Le-cl\u00f4s-des-P\u00e9rots-300x186.jpg\" class=\"attachment-medium size-medium\" alt=\"\" decoding=\"async\" loading=\"lazy\" aria-describedby=\"gallery-1-1602\" srcset=\"https:\/\/gsara.tv\/libramont\/routeverlaine\/wp-content\/uploads\/2016\/11\/1Le-cl\u00f4s-des-P\u00e9rots-300x186.jpg 300w, https:\/\/gsara.tv\/libramont\/routeverlaine\/wp-content\/uploads\/2016\/11\/1Le-cl\u00f4s-des-P\u00e9rots.jpg 600w\" sizes=\"(max-width: 300px) 100vw, 300px\" \/><\/a>\n\t\t\t<\/div>\n\t\t\t\t<figcaption class='wp-caption-text gallery-caption' id='gallery-1-1602'>\n\t\t\t\tLe clos des Perot (ins\u00e9r\u00e9 entre les deux maisons \u00e0 droite)\n\t\t\t\t<\/figcaption><\/figure><figure class='gallery-item'>\n\t\t\t<div class='gallery-icon portrait'>\n\t\t\t\t<a href='https:\/\/gsara.tv\/libramont\/routeverlaine\/paliseul\/syndicat-dinitiative-de-paliseul\/verger-avec-porte-en-bois\/'><img width=\"224\" height=\"300\" src=\"https:\/\/gsara.tv\/libramont\/routeverlaine\/wp-content\/uploads\/2016\/11\/verger-avec-porte-en-bois-224x300.jpg\" class=\"attachment-medium size-medium\" alt=\"\" decoding=\"async\" loading=\"lazy\" aria-describedby=\"gallery-1-1608\" srcset=\"https:\/\/gsara.tv\/libramont\/routeverlaine\/wp-content\/uploads\/2016\/11\/verger-avec-porte-en-bois-224x300.jpg 224w, https:\/\/gsara.tv\/libramont\/routeverlaine\/wp-content\/uploads\/2016\/11\/verger-avec-porte-en-bois.jpg 236w\" sizes=\"(max-width: 224px) 100vw, 224px\" \/><\/a>\n\t\t\t<\/div>\n\t\t\t\t<figcaption class='wp-caption-text gallery-caption' id='gallery-1-1608'>\n\t\t\t\tAyant pouss\u00e9 la porte \u00e9troite&#8230;\n\t\t\t\t<\/figcaption><\/figure>\n\t\t<\/div>\n\n<p class=\"western\">Pour le petit Paul, quel bonheur de pouvoir jouer dans ce village tranquille, surtout dans le clos de la tante, il y a de la place, des arbres o\u00f9 il fait si bon s\u2019abriter pendant les journ\u00e9es chaudes de l\u2019\u00e9t\u00e9, tandis qu\u2019\u00e0 Metz, dans la rue Haute Pierre, ce n\u2019\u00e9tait pas un endroit de r\u00eave pour s\u2019\u00e9battre. Non loin de la maison de la tante Henriette et de celle des P\u00e9rot, il y avait un verger entour\u00e9 d\u2019un mur de pierre avec une porte en bois. Il suffisait de traverser la route, et \u00e0 cette \u00e9poque, la circulation n\u2019\u00e9tait pas du tout celle que nous connaissons actuellement. Quelques chariots, charrettes, v\u00e9locip\u00e8des; la premi\u00e8re auto Panhard n\u2019a fait son apparition sur route qu\u2019en 1892.<br \/>\nEn songeant \u00e0 ces heures merveilleuses pass\u00e9es dans ce verger, il \u00e9crira dans \u00abLes Croquis de Belgique\u00bb<i>: <\/i><em>\u00ab\u00a0Bon dieu! Que j&rsquo;y ai jou\u00e9 dans le clos de ma tante et couru et gambad\u00e9 et lutt\u00e9, principalement avec un gamin de mon \u00e2ge. Un clos plein de tendresse!\u00a0\u00bb<\/em><\/p>\n<p><iframe loading=\"lazy\" width=\"1000\" height=\"400\" scrolling=\"no\" frameborder=\"no\" src=\"https:\/\/w.soundcloud.com\/player\/?visual=true&#038;url=https%3A%2F%2Fapi.soundcloud.com%2Ftracks%2F276618656&#038;show_artwork=true&#038;maxwidth=1000&#038;maxheight=1000\"><\/iframe><\/p>\n<div class=\"entry-content\">\n<p>&nbsp;<\/p>\n<p><strong>Apr\u00e8s trois ans<br \/>\n<\/strong><br \/>\nAyant pouss\u00e9 la porte \u00e9troite qui chancelle,<br \/>\nJe me suis promen\u00e9 dans le petit jardin<br \/>\nQu\u2019\u00e9clairait doucement le soleil du matin,<br \/>\nPailletant chaque fleur d\u2019une humide \u00e9tincelle.<\/p>\n<p>Rien n\u2019a chang\u00e9. J\u2019ai tout revu : l\u2019humble tonnelle<br \/>\nDe vigne folle avec les chaises de rotin\u2026<br \/>\nLe jet d\u2019eau fait toujours son murmure argentin<br \/>\nEt le vieux tremble sa plainte sempiternelle.<\/p>\n<p>Les roses comme avant palpitent ; comme avant,<br \/>\nLes grands lys orgueilleux se balancent au vent,<br \/>\nChaque alouette qui va et vient m\u2019est connue.<\/p>\n<p>M\u00eame j\u2019ai retrouv\u00e9 debout la Vell\u00e9da,<br \/>\nDont le pl\u00e2tre s\u2019\u00e9caille au bout de l\u2019avenue,<br \/>\n\u2013 Gr\u00eale, parmi l\u2019odeur fade du r\u00e9s\u00e9da.<\/p>\n<p>Extrait de <em>Po\u00e8mes saturniens.<\/em><\/p>\n<p><strong><br \/>\nBallade \u00e0 propos de deux ormeaux<\/strong><\/p>\n<p>Mon jardin fut doux et l\u00e9ger,<br \/>\nTant qu&rsquo;il fut mon humble richesse:<\/p>\n<p>Mi-Potager et mi-verger,<br \/>\nAvec quelque fleur qui se dresse<br \/>\nCouleur d&rsquo;amour et d&rsquo;all\u00e9gresse,<br \/>\nEt des oiseaux sur des rameaux,<br \/>\nEt du gazon pour la paresse,<br \/>\nMais rien ne valut mes ormeaux.<\/p>\n<p>Dans ma claire salle \u00e0 manger<br \/>\nO\u00f9 du vin fit quelque prouesses,<br \/>\nJe les voyais tous deux bouger<br \/>\nDoucement au vent qui les presse<br \/>\nL&rsquo;un vers l&rsquo;autre en une caresse,<br \/>\nEt leurs feuilles fl\u00fbtaient des mots.<br \/>\nLe clos \u00e9tait plein de tendresse.<br \/>\nMais rien ne valut mes ormeaux.<\/p>\n<p>H\u00e9las! Quand il fallut changer<br \/>\nDe cieux et quitter ma liesse,<br \/>\nLe verger et le potager<br \/>\nSe partag\u00e8rent ma tristesse,<br \/>\nEt la fleur couleur de charmeresse,<br \/>\nEt l&rsquo;herbe, oreiller de mes maux,<br \/>\nEt l&rsquo;oiseau, surent ma d\u00e9tresse.<br \/>\nMais rien ne valut mes ormeaux.<\/p>\n<p>Envoi<\/p>\n<p>Prince, j&rsquo;ai go\u00fbt\u00e9 la simplesse<br \/>\nDe vivre heureux dans vos hameaux:<br \/>\nGa\u00eet\u00e9, sant\u00e9 que rien ne blesse.<br \/>\nMais rien ne valut mes ormeaux.<\/p>\n<p>Extrait de <em>Amour<\/em>.<\/p>\n<p><a href=\"http:\/\/gsara.tv\/libramont\/routeverlaine\/paliseul\/\"><img decoding=\"async\" loading=\"lazy\" class=\"alignright wp-image-1841 size-medium\" src=\"http:\/\/gsara.tv\/libramont\/routeverlaine\/wp-content\/uploads\/2016\/12\/infoPaliseul-300x264.jpg\" width=\"300\" height=\"264\" srcset=\"https:\/\/gsara.tv\/libramont\/routeverlaine\/wp-content\/uploads\/2016\/12\/infoPaliseul-300x264.jpg 300w, https:\/\/gsara.tv\/libramont\/routeverlaine\/wp-content\/uploads\/2016\/12\/infoPaliseul.jpg 545w\" sizes=\"(max-width: 300px) 100vw, 300px\" \/><\/a><\/p>\n<\/div>\n","protected":false},"excerpt":{"rendered":"<p>Le bureau du syndicat d&rsquo;initiative est install\u00e9 dans la maison de village, d\u00e9nomm\u00e9e\u00ab\u00a0Salle de Sauvian\u00a0\u00bb. Actuellement propri\u00e9t\u00e9 communale, cet immeuble appartenait \u00e0 l&rsquo;ASBL \u0152uvres paroissiales de Paliseul. Elle abrita une salle pour les repr\u00e9sentations th\u00e9\u00e2trales, les projections cin\u00e9matographiques et une biblioth\u00e8que. Le dimanche 20 mai 1951 un violent incendie r\u00e9duisit en cendres cette maison. Une [&hellip;]<\/p>\n","protected":false},"author":3,"featured_media":0,"parent":20,"menu_order":0,"comment_status":"closed","ping_status":"closed","template":"","meta":{"_mi_skip_tracking":false},"_links":{"self":[{"href":"https:\/\/gsara.tv\/libramont\/routeverlaine\/wp-json\/wp\/v2\/pages\/228"}],"collection":[{"href":"https:\/\/gsara.tv\/libramont\/routeverlaine\/wp-json\/wp\/v2\/pages"}],"about":[{"href":"https:\/\/gsara.tv\/libramont\/routeverlaine\/wp-json\/wp\/v2\/types\/page"}],"author":[{"embeddable":true,"href":"https:\/\/gsara.tv\/libramont\/routeverlaine\/wp-json\/wp\/v2\/users\/3"}],"replies":[{"embeddable":true,"href":"https:\/\/gsara.tv\/libramont\/routeverlaine\/wp-json\/wp\/v2\/comments?post=228"}],"version-history":[{"count":24,"href":"https:\/\/gsara.tv\/libramont\/routeverlaine\/wp-json\/wp\/v2\/pages\/228\/revisions"}],"predecessor-version":[{"id":2298,"href":"https:\/\/gsara.tv\/libramont\/routeverlaine\/wp-json\/wp\/v2\/pages\/228\/revisions\/2298"}],"up":[{"embeddable":true,"href":"https:\/\/gsara.tv\/libramont\/routeverlaine\/wp-json\/wp\/v2\/pages\/20"}],"wp:attachment":[{"href":"https:\/\/gsara.tv\/libramont\/routeverlaine\/wp-json\/wp\/v2\/media?parent=228"}],"curies":[{"name":"wp","href":"https:\/\/api.w.org\/{rel}","templated":true}]}}