{"id":571,"date":"2016-06-14T08:53:23","date_gmt":"2016-06-14T07:53:23","guid":{"rendered":"http:\/\/gsara.tv\/libramont\/routeverlaine\/?page_id=571"},"modified":"2017-02-07T11:47:04","modified_gmt":"2017-02-07T10:47:04","slug":"cimetiere","status":"publish","type":"page","link":"https:\/\/gsara.tv\/libramont\/routeverlaine\/jehonville\/cimetiere\/","title":{"rendered":"Cimeti\u00e8re"},"content":{"rendered":"<div class=\"csRow\">\n<div class=\"csColumnGap\" style=\"margin: 0px; padding: 0px; float: left; width: 1.56%;\"><img decoding=\"async\" src=\"http:\/\/gsara.tv\/libramont\/routeverlaine\/wp-content\/plugins\/advanced-wp-columns\/assets\/js\/plugins\/views\/img\/1x1-pixel.png\" \/><\/div>\n<div class=\"csColumn\" style=\"margin: 0px; padding: 0px; float: left; width: 47.6%;\" data-csstartpoint=\"15.000004752929687\" data-csendpoint=\"472.00002001171873\" data-cswidth=\"47.6%\" data-csid=\"42fdc772-c085-cea7-b59b-78f91c532dc9\">\n<p><strong>Dernier espoir<\/strong><\/p>\n<p>Il est un arbre au cimeti\u00e8re<br \/>\nPoussant en pleine libert\u00e9,<br \/>\nNon plant\u00e9 par un deuil dict\u00e9,<br \/>\nQui flotte au long d&rsquo;une humble pierre.<\/p>\n<p>Sur cet arbre, \u00e9t\u00e9 comme hiver,<br \/>\nUn oiseau vient qui chante clair<br \/>\nSa chanson tristement fid\u00e8le.<br \/>\nCet arbre et cet oiseau c&rsquo;est nous:<\/p>\n<p>Toi le souvenir, moi l&rsquo;absence<br \/>\nQue le temps &#8211; qui passe &#8211; recense&#8230;<br \/>\nAh, vivre encore \u00e0 tes genoux!<\/p>\n<p>Ah, vivre encor! Mais quoi, ma belle,<br \/>\nLe n\u00e9ant est mon froid vainqueur&#8230;<br \/>\nDu moins, dis, je vis dans ton c\u0153ur?<\/p>\n<p>Extrait de <em>Livre Posthume<\/em><\/p>\n<\/div>\n<div class=\"csColumnGap\" style=\"margin: 0px; padding: 0px; float: left; width: 1.56%;\"><img decoding=\"async\" src=\"http:\/\/gsara.tv\/libramont\/routeverlaine\/wp-content\/plugins\/advanced-wp-columns\/assets\/js\/plugins\/views\/img\/1x1-pixel.png\" \/><\/div>\n<div class=\"csColumn\" style=\"margin: 0px; padding: 0px; float: left; width: 47.7%;\" data-csstartpoint=\"487.00002001171873\" data-csendpoint=\"945.0000200117188\" data-cswidth=\"47.7%\" data-csid=\"b2ef51a0-4d43-fbcc-8e95-651f0a794198\">\n<p><img decoding=\"async\" loading=\"lazy\" style=\"float: right;\" src=\"http:\/\/gsara.tv\/libramont\/routeverlaine\/wp-content\/uploads\/2016\/06\/P1000163.jpg\" alt=\"\" width=\"343\" height=\"258\" \/><\/p>\n<\/div>\n<div class=\"csColumnGap\" style=\"margin: 0px; padding: 0px; float: left; width: 1.56%;\"><img decoding=\"async\" src=\"http:\/\/gsara.tv\/libramont\/routeverlaine\/wp-content\/plugins\/advanced-wp-columns\/assets\/js\/plugins\/views\/img\/1x1-pixel.png\" \/><\/div>\n<div style=\"clear: both; float: none; display: block; visibility: hidden; width: 0px; font-size: 0px; line-height: 0;\"><\/div>\n<\/div>\n<p><a href=\"https:\/\/gsara.tv\/libramont\/routeverlaine\/vepres-rustique\/\"><img decoding=\"async\" loading=\"lazy\" class=\" wp-image-2140 alignleft\" src=\"http:\/\/gsara.tv\/libramont\/routeverlaine\/wp-content\/uploads\/2017\/01\/icone-lecture-300x248.png\" alt=\"\" width=\"140\" height=\"116\" srcset=\"https:\/\/gsara.tv\/libramont\/routeverlaine\/wp-content\/uploads\/2017\/01\/icone-lecture-300x248.png 300w, https:\/\/gsara.tv\/libramont\/routeverlaine\/wp-content\/uploads\/2017\/01\/icone-lecture.png 304w\" sizes=\"(max-width: 140px) 100vw, 140px\" \/><\/a><\/p>\n<div class=\"csRow\">\n<div class=\"csColumnGap\" style=\"margin: 0px; padding: 0px; float: left; width: 1.56%;\"><img decoding=\"async\" src=\"http:\/\/gsara.tv\/libramont\/routeverlaine\/wp-content\/plugins\/advanced-wp-columns\/assets\/js\/plugins\/views\/img\/1x1-pixel.png\" \/><\/div>\n<div class=\"csColumn\" style=\"margin: 0px; padding: 0px; float: left; width: 47.6%;\" data-csstartpoint=\"15.000004752929687\" data-csendpoint=\"472.00002001171873\" data-cswidth=\"47.6%\" data-csid=\"ca43607e-44eb-379f-a4d6-5c31a695f8b7\">\n<p><strong>S\u00e9r\u00e9nade<br \/>\n<\/strong><br \/>\nComme la voix d&rsquo;un mort qui chanterait<br \/>\nDu fond de sa fosse,<br \/>\nMa\u00eetresse, entends monter vers ton retrait<br \/>\nMa voix aigre et fausse.<\/p>\n<p>Ouvre ton \u00e2me et ton oreille au son<br \/>\nDe ma mandoline:<br \/>\nPour toi j&rsquo;ai fait, pour toi, cette chanson<br \/>\nCruelle et c\u00e2line.<\/p>\n<p>Je chanterai tes yeux d&rsquo;or et d&rsquo;onyx<br \/>\nPurs de toutes ombres,<br \/>\nPuis le L\u00e9th\u00e9 de ton sein, puis le Styx<br \/>\nDe tes cheveux sombres.<\/p>\n<p>Comme la voix d&rsquo;un mort qui chanterait<br \/>\nDu fond de sa fosse,<br \/>\nMa\u00eetresse, entends monter vers ton retrait<br \/>\nMa voix aigre et fausse.<\/p>\n<p>Puis je louerai beaucoup, comme il convient,<br \/>\nCette chair b\u00e9nie<br \/>\nDont le parfum opulent me revient<br \/>\nLes nuits d&rsquo;insomnie.<\/p>\n<p>Et pour finir je dirai le baiser,<br \/>\nDe ta l\u00e8vre rouge,<br \/>\nEt ta douceur \u00e0 me martyriser,<br \/>\n&#8211; Mon Ange! &#8211; ma Gouge!<\/p>\n<p>Ouvre ton \u00e2me et ton oreille au son<br \/>\nDe ma mandoline:<br \/>\nPour toi j&rsquo;ai fait, pour toi, cette chanson<br \/>\nCruelle et c\u00e2line.<br \/>\n<em><br \/>\n<\/em>Extrait de<em> Po\u00e8mes Saturniens.<\/em><\/p>\n<\/div>\n<div class=\"csColumnGap\" style=\"margin: 0px; padding: 0px; float: left; width: 1.56%;\"><img decoding=\"async\" src=\"http:\/\/gsara.tv\/libramont\/routeverlaine\/wp-content\/plugins\/advanced-wp-columns\/assets\/js\/plugins\/views\/img\/1x1-pixel.png\" \/><\/div>\n<div class=\"csColumn\" style=\"margin: 0px; padding: 0px; float: left; width: 47.7%;\" data-csstartpoint=\"487.00002001171873\" data-csendpoint=\"945.0000200117188\" data-cswidth=\"47.7%\" data-csid=\"71d29379-c808-3660-9dd2-94a70922ec4c\">\n<p>\u00a0<img decoding=\"async\" loading=\"lazy\" style=\"float: right;\" src=\"http:\/\/gsara.tv\/libramont\/routeverlaine\/wp-content\/uploads\/2016\/10\/P1000164.jpg\" alt=\"\" width=\"374\" height=\"281\" \/><\/p>\n<\/div>\n<div class=\"csColumnGap\" style=\"margin: 0px; padding: 0px; float: left; width: 1.56%;\"><img decoding=\"async\" src=\"http:\/\/gsara.tv\/libramont\/routeverlaine\/wp-content\/plugins\/advanced-wp-columns\/assets\/js\/plugins\/views\/img\/1x1-pixel.png\" \/><\/div>\n<div style=\"clear: both; float: none; display: block; visibility: hidden; width: 0px; font-size: 0px; line-height: 0;\"><\/div>\n<\/div>\n<p><br class=\"nc\" \/><br class=\"nc\" \/><em><br \/>\n<a href=\"http:\/\/gsara.tv\/libramont\/routeverlaine\/jehonville\/\"><img decoding=\"async\" loading=\"lazy\" class=\"alignright wp-image-1840 size-medium\" src=\"http:\/\/gsara.tv\/libramont\/routeverlaine\/wp-content\/uploads\/2016\/12\/infoJ\u00e9honville-300x264.jpg\" width=\"300\" height=\"264\" srcset=\"https:\/\/gsara.tv\/libramont\/routeverlaine\/wp-content\/uploads\/2016\/12\/infoJ\u00e9honville-300x264.jpg 300w, https:\/\/gsara.tv\/libramont\/routeverlaine\/wp-content\/uploads\/2016\/12\/infoJ\u00e9honville.jpg 545w\" sizes=\"(max-width: 300px) 100vw, 300px\" \/><\/a><br \/>\n<\/em><\/p>\n","protected":false},"excerpt":{"rendered":"<p>Dernier espoir Il est un arbre au cimeti\u00e8re Poussant en pleine libert\u00e9, Non plant\u00e9 par un deuil dict\u00e9, Qui flotte au long d&rsquo;une humble pierre. Sur cet arbre, \u00e9t\u00e9 comme hiver, Un oiseau vient qui chante clair Sa chanson tristement fid\u00e8le. Cet arbre et cet oiseau c&rsquo;est nous: Toi le souvenir, moi l&rsquo;absence Que le [&hellip;]<\/p>\n","protected":false},"author":3,"featured_media":0,"parent":18,"menu_order":0,"comment_status":"closed","ping_status":"closed","template":"","meta":{"_mi_skip_tracking":false},"_links":{"self":[{"href":"https:\/\/gsara.tv\/libramont\/routeverlaine\/wp-json\/wp\/v2\/pages\/571"}],"collection":[{"href":"https:\/\/gsara.tv\/libramont\/routeverlaine\/wp-json\/wp\/v2\/pages"}],"about":[{"href":"https:\/\/gsara.tv\/libramont\/routeverlaine\/wp-json\/wp\/v2\/types\/page"}],"author":[{"embeddable":true,"href":"https:\/\/gsara.tv\/libramont\/routeverlaine\/wp-json\/wp\/v2\/users\/3"}],"replies":[{"embeddable":true,"href":"https:\/\/gsara.tv\/libramont\/routeverlaine\/wp-json\/wp\/v2\/comments?post=571"}],"version-history":[{"count":23,"href":"https:\/\/gsara.tv\/libramont\/routeverlaine\/wp-json\/wp\/v2\/pages\/571\/revisions"}],"predecessor-version":[{"id":2282,"href":"https:\/\/gsara.tv\/libramont\/routeverlaine\/wp-json\/wp\/v2\/pages\/571\/revisions\/2282"}],"up":[{"embeddable":true,"href":"https:\/\/gsara.tv\/libramont\/routeverlaine\/wp-json\/wp\/v2\/pages\/18"}],"wp:attachment":[{"href":"https:\/\/gsara.tv\/libramont\/routeverlaine\/wp-json\/wp\/v2\/media?parent=571"}],"curies":[{"name":"wp","href":"https:\/\/api.w.org\/{rel}","templated":true}]}}