{"id":8,"date":"2016-01-27T14:00:29","date_gmt":"2016-01-27T13:00:29","guid":{"rendered":"http:\/\/gsara.tv\/libramont\/routeverlaine\/?page_id=8"},"modified":"2017-05-19T08:42:53","modified_gmt":"2017-05-19T07:42:53","slug":"bertrix","status":"publish","type":"page","link":"https:\/\/gsara.tv\/libramont\/routeverlaine\/bertrix\/","title":{"rendered":"Bertrix"},"content":{"rendered":"<p>&nbsp;<\/p>\n<p><a href=\"http:\/\/gsara.tv\/libramont\/routeverlaine\/wp-content\/uploads\/2016\/12\/bertrix-panorama.jpg\"><img decoding=\"async\" loading=\"lazy\" class=\"aligncenter wp-image-1918 \" src=\"http:\/\/gsara.tv\/libramont\/routeverlaine\/wp-content\/uploads\/2016\/12\/bertrix-panorama.jpg\" alt=\"bertrix-panorama\" width=\"1172\" height=\"332\" srcset=\"https:\/\/gsara.tv\/libramont\/routeverlaine\/wp-content\/uploads\/2016\/12\/bertrix-panorama.jpg 960w, https:\/\/gsara.tv\/libramont\/routeverlaine\/wp-content\/uploads\/2016\/12\/bertrix-panorama-300x85.jpg 300w, https:\/\/gsara.tv\/libramont\/routeverlaine\/wp-content\/uploads\/2016\/12\/bertrix-panorama-768x218.jpg 768w\" sizes=\"(max-width: 1172px) 100vw, 1172px\" \/><\/a><br \/>\nLe grand-p\u00e8re, Henry-Joseph Verlaine (Arville 1759 &#8211; Luxembourg 1805), avait initialement exerc\u00e9 la charge de procureur pr\u00e8s de la Haute Cour de Saint-Hubert. Il fut ensuite envoy\u00e9 par l&rsquo;abb\u00e9 \u00e0 Bertrix, \u00e0 quelques vingt lieues et, sous la R\u00e9volution, il y fonda l&rsquo;\u00e9tude notariale de l&rsquo;entit\u00e9. Il \u00e9pousa en 1795 une jeune fille d&rsquo;un petit village tout proche: Anne Grandjean, native de J\u00e9honville (\u00e0 quelque six kilom\u00e8tres de Bertrix). Depuis des g\u00e9n\u00e9rations, les Grandjean \u00e9taient citoyens du duch\u00e9 de Bouillon, au b\u00e9n\u00e9fice duquel les souverains revendiquaient une certaine autonomie et une certaine libert\u00e9 de pens\u00e9e.<\/p>\n<p><a href=\"http:\/\/gsara.tv\/libramont\/routeverlaine\/bertrix\/maison-du-notaire-henri-verlaine\/\"><img decoding=\"async\" loading=\"lazy\" class=\"aligncenter wp-image-2039 size-full\" src=\"http:\/\/gsara.tv\/libramont\/routeverlaine\/wp-content\/uploads\/2016\/01\/parkingbertrix.jpg\" width=\"919\" height=\"919\" srcset=\"https:\/\/gsara.tv\/libramont\/routeverlaine\/wp-content\/uploads\/2016\/01\/parkingbertrix.jpg 919w, https:\/\/gsara.tv\/libramont\/routeverlaine\/wp-content\/uploads\/2016\/01\/parkingbertrix-150x150.jpg 150w, https:\/\/gsara.tv\/libramont\/routeverlaine\/wp-content\/uploads\/2016\/01\/parkingbertrix-300x300.jpg 300w, https:\/\/gsara.tv\/libramont\/routeverlaine\/wp-content\/uploads\/2016\/01\/parkingbertrix-768x768.jpg 768w\" sizes=\"(max-width: 919px) 100vw, 919px\" \/><\/a><a href=\"https:\/\/gsara.tv\/libramont\/routeverlaine\/test-soundcloud\/\"><img decoding=\"async\" loading=\"lazy\" class=\"alignleft wp-image-2140\" src=\"http:\/\/gsara.tv\/libramont\/routeverlaine\/wp-content\/uploads\/2017\/01\/icone-lecture-300x248.png\" width=\"88\" height=\"73\" srcset=\"https:\/\/gsara.tv\/libramont\/routeverlaine\/wp-content\/uploads\/2017\/01\/icone-lecture-300x248.png 300w, https:\/\/gsara.tv\/libramont\/routeverlaine\/wp-content\/uploads\/2017\/01\/icone-lecture.png 304w\" sizes=\"(max-width: 88px) 100vw, 88px\" \/><\/a><\/p>\n","protected":false},"excerpt":{"rendered":"<p>&nbsp; Le grand-p\u00e8re, Henry-Joseph Verlaine (Arville 1759 &#8211; Luxembourg 1805), avait initialement exerc\u00e9 la charge de procureur pr\u00e8s de la Haute Cour de Saint-Hubert. Il fut ensuite envoy\u00e9 par l&rsquo;abb\u00e9 \u00e0 Bertrix, \u00e0 quelques vingt lieues et, sous la R\u00e9volution, il y fonda l&rsquo;\u00e9tude notariale de l&rsquo;entit\u00e9. Il \u00e9pousa en 1795 une jeune fille d&rsquo;un [&hellip;]<\/p>\n","protected":false},"author":2,"featured_media":0,"parent":0,"menu_order":0,"comment_status":"closed","ping_status":"closed","template":"","meta":{"_mi_skip_tracking":false},"_links":{"self":[{"href":"https:\/\/gsara.tv\/libramont\/routeverlaine\/wp-json\/wp\/v2\/pages\/8"}],"collection":[{"href":"https:\/\/gsara.tv\/libramont\/routeverlaine\/wp-json\/wp\/v2\/pages"}],"about":[{"href":"https:\/\/gsara.tv\/libramont\/routeverlaine\/wp-json\/wp\/v2\/types\/page"}],"author":[{"embeddable":true,"href":"https:\/\/gsara.tv\/libramont\/routeverlaine\/wp-json\/wp\/v2\/users\/2"}],"replies":[{"embeddable":true,"href":"https:\/\/gsara.tv\/libramont\/routeverlaine\/wp-json\/wp\/v2\/comments?post=8"}],"version-history":[{"count":27,"href":"https:\/\/gsara.tv\/libramont\/routeverlaine\/wp-json\/wp\/v2\/pages\/8\/revisions"}],"predecessor-version":[{"id":2303,"href":"https:\/\/gsara.tv\/libramont\/routeverlaine\/wp-json\/wp\/v2\/pages\/8\/revisions\/2303"}],"wp:attachment":[{"href":"https:\/\/gsara.tv\/libramont\/routeverlaine\/wp-json\/wp\/v2\/media?parent=8"}],"curies":[{"name":"wp","href":"https:\/\/api.w.org\/{rel}","templated":true}]}}