{"id":908,"date":"2016-08-30T10:28:16","date_gmt":"2016-08-30T09:28:16","guid":{"rendered":"http:\/\/gsara.tv\/libramont\/routeverlaine\/?page_id=908"},"modified":"2017-02-07T11:39:16","modified_gmt":"2017-02-07T10:39:16","slug":"tante-julie","status":"publish","type":"page","link":"https:\/\/gsara.tv\/libramont\/routeverlaine\/jehonville\/tante-julie\/","title":{"rendered":"Tante Julie"},"content":{"rendered":"<p><iframe loading=\"lazy\" class=\"juxtapose\" src=\"https:\/\/cdn.knightlab.com\/libs\/juxtapose\/latest\/embed\/index.html?uid=4567f558-a117-11e6-a80c-0edaf8f81e27\" width=\"100%\" height=\"280\" frameborder=\"0\"><\/iframe><\/p>\n<p style=\"margin-top: -48px; font-size: 14px;\">Voici la maison de la tante Julie. Elle porte l&rsquo;enseigne:<em> Evrard Poncelet, D\u00e9bitant-Boulanger-Modes<\/em>. Cette maison fut incendi\u00e9e lors de l\u2019offensive allemande d&rsquo;ao\u00fbt 1914. Apr\u00e8s guerre, elle fut reconstruite quasi \u00e0 l&rsquo;identique.<\/p>\n<p>A J\u00e9honville, le po\u00e8te \u00e9tait h\u00e9berg\u00e9 dans la seconde branche de la famille Verlaine, \u00e0 savoir la s\u0153ur cadette de son p\u00e8re, la tante Julie (1804-1880); elle avait \u00e9pous\u00e9 Jean-Baptiste Evrard et de ce mariage est issu le propre cousin de Paul Verlaine, d\u00e9nomm\u00e9 Jules Evrard.<\/p>\n<p>Voici l&rsquo;extrait d&rsquo;une lettre de condol\u00e9ances adress\u00e9e par Paul \u00e0 son cousin \u00e0 l&rsquo;occasion du d\u00e9c\u00e8s de sa tante Julie en 1880.<\/p>\n<p><strong><a href=\"http:\/\/gsara.tv\/libramont\/routeverlaine\/wp-content\/uploads\/2016\/08\/IMG_20141127_0001_NEW.jpg\"><img decoding=\"async\" loading=\"lazy\" class=\"alignnone wp-image-913\" src=\"http:\/\/gsara.tv\/libramont\/routeverlaine\/wp-content\/uploads\/2016\/08\/IMG_20141127_0001_NEW.jpg\" alt=\"IMG_20141127_0001_NEW\" width=\"655\" height=\"187\" srcset=\"https:\/\/gsara.tv\/libramont\/routeverlaine\/wp-content\/uploads\/2016\/08\/IMG_20141127_0001_NEW.jpg 1397w, https:\/\/gsara.tv\/libramont\/routeverlaine\/wp-content\/uploads\/2016\/08\/IMG_20141127_0001_NEW-300x86.jpg 300w, https:\/\/gsara.tv\/libramont\/routeverlaine\/wp-content\/uploads\/2016\/08\/IMG_20141127_0001_NEW-768x219.jpg 768w, https:\/\/gsara.tv\/libramont\/routeverlaine\/wp-content\/uploads\/2016\/08\/IMG_20141127_0001_NEW-1024x292.jpg 1024w\" sizes=\"(max-width: 655px) 100vw, 655px\" \/><\/a><\/strong><\/p>\n<p><strong>Mon r\u00eave familier<\/strong><\/p>\n<p>Je fais souvent ce r\u00eave \u00e9trange et p\u00e9n\u00e9trant<br \/>\nD&rsquo;une femme inconnue, et que j&rsquo;aime, et qui m&rsquo;aime<\/p>\n<p><a href=\"http:\/\/gsara.tv\/libramont\/routeverlaine\/wp-content\/uploads\/2016\/11\/mon-reve-familier.jpg\"><img decoding=\"async\" loading=\"lazy\" class=\"alignright wp-image-1356\" style=\"float: right;\" src=\"http:\/\/gsara.tv\/libramont\/routeverlaine\/wp-content\/uploads\/2016\/11\/mon-reve-familier.jpg\" alt=\"mon-reve-familier\" width=\"335\" height=\"400\" srcset=\"https:\/\/gsara.tv\/libramont\/routeverlaine\/wp-content\/uploads\/2016\/11\/mon-reve-familier.jpg 1425w, https:\/\/gsara.tv\/libramont\/routeverlaine\/wp-content\/uploads\/2016\/11\/mon-reve-familier-251x300.jpg 251w, https:\/\/gsara.tv\/libramont\/routeverlaine\/wp-content\/uploads\/2016\/11\/mon-reve-familier-768x916.jpg 768w, https:\/\/gsara.tv\/libramont\/routeverlaine\/wp-content\/uploads\/2016\/11\/mon-reve-familier-858x1024.jpg 858w, https:\/\/gsara.tv\/libramont\/routeverlaine\/wp-content\/uploads\/2016\/11\/mon-reve-familier-805x960.jpg 805w\" sizes=\"(max-width: 335px) 100vw, 335px\" \/><\/a><\/p>\n<p>Et qui n&rsquo;est, chaque fois, ni tout \u00e0 fait la m\u00eame<br \/>\nNi tout \u00e0 fait une autre, et m&rsquo;aime et me comprend.<\/p>\n<p>Car elle me comprend, et mon c\u0153ur, transparent<br \/>\nPour elle seule, h\u00e9las! cesse d&rsquo;\u00eatre un probl\u00e8me<\/p>\n<p>Pour elle seule, et les moiteurs de mon front bl\u00eame,<\/p>\n<p>Elle seule les sait rafra\u00eechir, en pleurant.<\/p>\n<p>Est-elle brune, blonde ou rousse? &#8211; Je l&rsquo;ignore.<br \/>\nSon nom? Je me souviens qu&rsquo;il est doux et sonore<br \/>\nComme ceux des aim\u00e9s que la Vie exila.<\/p>\n<p>Son regard est pareil au regard des statues,<br \/>\nEt, pour sa voix, lointaine, et calme, et grave, elle a<br \/>\nL&rsquo;inflexion des voix ch\u00e8res qui se sont tues.<\/p>\n<p>Extrait du recueil <em>Po\u00e8mes saturniens.<\/em><\/p>\n<p>&nbsp;<\/p>\n<p><strong>Dans l&rsquo;interminable ennui de la plaine,<\/strong><\/p>\n<p>Dans l&rsquo;interminable<br \/>\nEnnui de la plaine,<br \/>\nLa neige incertaine<br \/>\nLuit comme du sable.<\/p>\n<p>Le ciel est de cuivre<br \/>\nSans lueur aucune.<br \/>\nOn croirait voir vivre<br \/>\nEt mourir la lune.<a href=\"http:\/\/gsara.tv\/libramont\/routeverlaine\/wp-content\/uploads\/2016\/11\/lecielestdecuivre.jpg\"><img decoding=\"async\" loading=\"lazy\" class=\"alignright wp-image-1358\" src=\"http:\/\/gsara.tv\/libramont\/routeverlaine\/wp-content\/uploads\/2016\/11\/lecielestdecuivre-300x169.jpg\" alt=\"lecielestdecuivre\" width=\"346\" height=\"195\" srcset=\"https:\/\/gsara.tv\/libramont\/routeverlaine\/wp-content\/uploads\/2016\/11\/lecielestdecuivre-300x169.jpg 300w, https:\/\/gsara.tv\/libramont\/routeverlaine\/wp-content\/uploads\/2016\/11\/lecielestdecuivre.jpg 600w\" sizes=\"(max-width: 346px) 100vw, 346px\" \/><\/a><\/p>\n<p>Comme des nu\u00e9es<br \/>\nFlottent gris les ch\u00eanes<br \/>\nDes for\u00eats prochaines<br \/>\nParmi les bu\u00e9es.<\/p>\n<p>Le ciel est de cuivre<br \/>\nSans lueur aucune.<br \/>\nOn croirait voir vivre<br \/>\nEt mourir la lune.<\/p>\n<p>Corneille poussive<br \/>\nEt vous, les loups maigres,<br \/>\nPar ces bises aigres<br \/>\nQuoi donc vous arrive?<\/p>\n<p>Dans l&rsquo;interminable<br \/>\nEnnui de la plaine<br \/>\nLa neige incertaine<br \/>\nLuit comme du sable.<\/p>\n<p>Extrait de <em>Romances sans paroles<\/em>, \u00e9crit partiellement \u00e0 J\u00e9honville<strong>.<br \/>\n<\/strong><\/p>\n<p><figure id=\"attachment_1087\" aria-describedby=\"caption-attachment-1087\" style=\"width: 663px\" class=\"wp-caption aligncenter\"><a href=\"http:\/\/gsara.tv\/libramont\/routeverlaine\/wp-content\/uploads\/2016\/10\/008.jpg\"><img decoding=\"async\" loading=\"lazy\" class=\"wp-image-1087 size-large\" src=\"http:\/\/gsara.tv\/libramont\/routeverlaine\/wp-content\/uploads\/2016\/10\/008-663x1024.jpg\" width=\"663\" height=\"1024\" srcset=\"https:\/\/gsara.tv\/libramont\/routeverlaine\/wp-content\/uploads\/2016\/10\/008-663x1024.jpg 663w, https:\/\/gsara.tv\/libramont\/routeverlaine\/wp-content\/uploads\/2016\/10\/008-194x300.jpg 194w, https:\/\/gsara.tv\/libramont\/routeverlaine\/wp-content\/uploads\/2016\/10\/008-768x1186.jpg 768w, https:\/\/gsara.tv\/libramont\/routeverlaine\/wp-content\/uploads\/2016\/10\/008-622x960.jpg 622w, https:\/\/gsara.tv\/libramont\/routeverlaine\/wp-content\/uploads\/2016\/10\/008.jpg 1514w\" sizes=\"(max-width: 663px) 100vw, 663px\" \/><\/a><figcaption id=\"caption-attachment-1087\" class=\"wp-caption-text\">A Jules Evrard (1) 9 f\u00e9vrier 1880 Mon cher Jules, J&rsquo;apprends \u00e0 l&rsquo;instant la mort de ma tante Julie (2) et je m&#8217;empresse de venir vous t\u00e9moigner toute la part que je prends \u00e0 votre douleur. J&rsquo;aimais beaucoup ma tante Julie et avais toujours gard\u00e9 le meilleur souvenir de sa bont\u00e9 \u00e0 mon \u00e9gard. Croyez donc en ma vive sympathie dans cette triste circonstance et veuillez, ainsi que ma cousine et votre ch\u00e8re petite famille, en agr\u00e9er l&rsquo;expression bien sinc\u00e8re et bien cordiale. Maman a \u00e9t\u00e9 tr\u00e8s affect\u00e9e de cette triste nouvelle: elle se proposait justement d&rsquo;aller voir ma pauvre tante en \u00e9t\u00e9. Elle n&rsquo;aura sans doute pas manqu\u00e9 de vous \u00e9crire ces jours-ci. Je vous embrasse tous bien cordialement et vous prie de me rappeler au souvenir de nos parents du Sart [sic]. Votre cousin tout d\u00e9vou\u00e9. P.Verlaine. 55 rue d&rsquo;Amiens Arras. Pas de Calais. (3) 1. Jules Evrard, n\u00e9 et mort \u00e0 J\u00e9honville (1830-1903), fils de Julie Evrard 2. Julie Evrard, s\u0153ur cadette du capitaine Auguste Verlaine. 3. Verlaine, tout en donnant l&rsquo;adresse de sa m\u00e8re \u00e0 Arras, se trouvait \u00e0 Coulommes.<\/figcaption><\/figure><strong>\u00a0<\/strong><\/p>\n<p><strong><a href=\"https:\/\/gsara.tv\/libramont\/routeverlaine\/la-bonne-chanson-paul-derenne\/\"><img decoding=\"async\" loading=\"lazy\" class=\"wp-image-2137 alignleft\" src=\"http:\/\/gsara.tv\/libramont\/routeverlaine\/wp-content\/uploads\/2017\/01\/ICONE-MUSIQUE-11.png\" alt=\"\" width=\"121\" height=\"121\" srcset=\"https:\/\/gsara.tv\/libramont\/routeverlaine\/wp-content\/uploads\/2017\/01\/ICONE-MUSIQUE-11.png 256w, https:\/\/gsara.tv\/libramont\/routeverlaine\/wp-content\/uploads\/2017\/01\/ICONE-MUSIQUE-11-150x150.png 150w\" sizes=\"(max-width: 121px) 100vw, 121px\" \/><\/a><a href=\"http:\/\/gsara.tv\/libramont\/routeverlaine\/jehonville\/\"><img decoding=\"async\" loading=\"lazy\" class=\"alignright wp-image-1840 size-medium\" src=\"http:\/\/gsara.tv\/libramont\/routeverlaine\/wp-content\/uploads\/2016\/12\/infoJ\u00e9honville-300x264.jpg\" width=\"300\" height=\"264\" srcset=\"https:\/\/gsara.tv\/libramont\/routeverlaine\/wp-content\/uploads\/2016\/12\/infoJ\u00e9honville-300x264.jpg 300w, https:\/\/gsara.tv\/libramont\/routeverlaine\/wp-content\/uploads\/2016\/12\/infoJ\u00e9honville.jpg 545w\" sizes=\"(max-width: 300px) 100vw, 300px\" \/><\/a><\/strong><\/p>\n<div style=\"float: right; width: 420px;\"><\/div>\n","protected":false},"excerpt":{"rendered":"<p>Voici la maison de la tante Julie. Elle porte l&rsquo;enseigne: Evrard Poncelet, D\u00e9bitant-Boulanger-Modes. Cette maison fut incendi\u00e9e lors de l\u2019offensive allemande d&rsquo;ao\u00fbt 1914. Apr\u00e8s guerre, elle fut reconstruite quasi \u00e0 l&rsquo;identique. A J\u00e9honville, le po\u00e8te \u00e9tait h\u00e9berg\u00e9 dans la seconde branche de la famille Verlaine, \u00e0 savoir la s\u0153ur cadette de son p\u00e8re, la tante [&hellip;]<\/p>\n","protected":false},"author":3,"featured_media":0,"parent":18,"menu_order":0,"comment_status":"closed","ping_status":"closed","template":"","meta":{"_mi_skip_tracking":false},"_links":{"self":[{"href":"https:\/\/gsara.tv\/libramont\/routeverlaine\/wp-json\/wp\/v2\/pages\/908"}],"collection":[{"href":"https:\/\/gsara.tv\/libramont\/routeverlaine\/wp-json\/wp\/v2\/pages"}],"about":[{"href":"https:\/\/gsara.tv\/libramont\/routeverlaine\/wp-json\/wp\/v2\/types\/page"}],"author":[{"embeddable":true,"href":"https:\/\/gsara.tv\/libramont\/routeverlaine\/wp-json\/wp\/v2\/users\/3"}],"replies":[{"embeddable":true,"href":"https:\/\/gsara.tv\/libramont\/routeverlaine\/wp-json\/wp\/v2\/comments?post=908"}],"version-history":[{"count":86,"href":"https:\/\/gsara.tv\/libramont\/routeverlaine\/wp-json\/wp\/v2\/pages\/908\/revisions"}],"predecessor-version":[{"id":2279,"href":"https:\/\/gsara.tv\/libramont\/routeverlaine\/wp-json\/wp\/v2\/pages\/908\/revisions\/2279"}],"up":[{"embeddable":true,"href":"https:\/\/gsara.tv\/libramont\/routeverlaine\/wp-json\/wp\/v2\/pages\/18"}],"wp:attachment":[{"href":"https:\/\/gsara.tv\/libramont\/routeverlaine\/wp-json\/wp\/v2\/media?parent=908"}],"curies":[{"name":"wp","href":"https:\/\/api.w.org\/{rel}","templated":true}]}}